CRAN Package Check Results for Package DecorateR

Last updated on 2022-10-04 06:56:21 CEST.

Flavor Version Tinstall Tcheck Ttotal Status Flags
r-devel-linux-x86_64-debian-clang 0.1.2 8.71 82.38 91.09 NOTE
r-devel-linux-x86_64-debian-gcc 0.1.2 6.06 61.23 67.29 NOTE
r-devel-linux-x86_64-fedora-clang 0.1.2 112.16 NOTE
r-devel-linux-x86_64-fedora-gcc 0.1.2 117.38 NOTE
r-devel-windows-x86_64 0.1.2 11.00 92.00 103.00 NOTE
r-patched-linux-x86_64 0.1.2 7.73 79.10 86.83 NOTE
r-release-linux-x86_64 0.1.2 8.46 78.51 86.97 NOTE
r-release-macos-arm64 0.1.2 32.00 NOTE
r-release-macos-x86_64 0.1.2 45.00 NOTE
r-release-windows-x86_64 0.1.2 15.00 93.00 108.00 NOTE
r-oldrel-macos-arm64 0.1.2 42.00 NOTE
r-oldrel-macos-x86_64 0.1.2 66.00 NOTE
r-oldrel-windows-ix86+x86_64 0.1.2 16.00 90.00 106.00 NOTE

Check Details

Version: 0.1.2
Check: LazyData
Result: NOTE
     'LazyData' is specified without a 'data' directory
Flavors: r-devel-linux-x86_64-debian-clang, r-devel-linux-x86_64-debian-gcc, r-devel-linux-x86_64-fedora-clang, r-devel-linux-x86_64-fedora-gcc, r-devel-windows-x86_64, r-patched-linux-x86_64, r-release-linux-x86_64, r-release-macos-arm64, r-release-macos-x86_64, r-release-windows-x86_64, r-oldrel-macos-arm64, r-oldrel-macos-x86_64, r-oldrel-windows-ix86+x86_64