Last updated on 2021-04-17 06:46:39 CEST.
Flavor | Version | Tinstall | Tcheck | Ttotal | Status | Flags |
---|---|---|---|---|---|---|
r-devel-linux-x86_64-debian-clang | 0.7-9 | 22.64 | 178.84 | 201.48 | OK | |
r-devel-linux-x86_64-debian-gcc | 0.7-9 | 17.48 | 136.80 | 154.28 | OK | |
r-devel-linux-x86_64-fedora-clang | 0.7-9 | 228.11 | OK | |||
r-devel-linux-x86_64-fedora-gcc | 0.7-9 | 207.59 | OK | |||
r-devel-windows-ix86+x86_64 | 0.7-9 | 48.00 | 196.00 | 244.00 | OK | |
r-devel-windows-x86_64-gcc10-UCRT | 0.7-9 | OK | ||||
r-patched-linux-x86_64 | 0.7-9 | 21.48 | 165.32 | 186.80 | OK | |
r-patched-solaris-x86 | 0.7-9 | 312.90 | NOTE | |||
r-release-linux-x86_64 | 0.7-9 | 23.12 | 167.49 | 190.61 | OK | |
r-release-macos-x86_64 | 0.7-9 | OK | ||||
r-release-windows-ix86+x86_64 | 0.7-9 | 47.00 | 202.00 | 249.00 | OK | |
r-oldrel-macos-x86_64 | 0.7-9 | OK | ||||
r-oldrel-windows-ix86+x86_64 | 0.7-9 | 32.00 | 139.00 | 171.00 | OK |
Version: 0.7-9
Check: package dependencies
Result: NOTE
Package suggested but not available for checking: ‘XLConnect’
Flavor: r-patched-solaris-x86