CRAN Package Check Results for Package Delaporte

Last updated on 2022-01-25 06:48:32 CET.

Flavor Version Tinstall Tcheck Ttotal Status Flags
r-devel-linux-x86_64-debian-clang 8.0.2 4.22 46.69 50.91 OK
r-devel-linux-x86_64-debian-gcc 8.0.2 3.19 37.01 40.20 OK
r-devel-linux-x86_64-fedora-clang 8.0.2 62.05 NOTE
r-devel-linux-x86_64-fedora-gcc 8.0.2 50.29 OK
r-devel-windows-x86_64-new-UL 8.0.2 38.00 71.00 109.00 OK
r-devel-windows-x86_64-new-TK 8.0.2 NOTE
r-patched-linux-x86_64 8.0.2 3.93 44.24 48.17 OK
r-release-linux-x86_64 8.0.2 3.21 44.51 47.72 OK
r-release-macos-arm64 8.0.1 OK
r-release-macos-x86_64 8.0.2 OK
r-release-windows-ix86+x86_64 8.0.2 13.00 83.00 96.00 OK
r-oldrel-macos-x86_64 8.0.1 OK
r-oldrel-windows-ix86+x86_64 8.0.2 14.00 84.00 98.00 OK

Check Details

Version: 8.0.2
Check: Rd cross-references
Result: NOTE
    Undeclared packages ‘e1071’, ‘nloptr’ in Rd xrefs
Flavor: r-devel-linux-x86_64-fedora-clang

Version: 8.0.2
Check: Rd cross-references
Result: NOTE
    Package unavailable to check Rd xrefs: 'nloptr'
Flavor: r-devel-windows-x86_64-new-TK