Last updated on 2023-03-30 06:53:12 CEST.
Flavor | Version | Tinstall | Tcheck | Ttotal | Status | Flags |
---|---|---|---|---|---|---|
r-devel-linux-x86_64-debian-clang | 0.5.0 | 3.44 | 29.61 | 33.05 | OK | |
r-devel-linux-x86_64-debian-gcc | 0.5.0 | 2.62 | 22.76 | 25.38 | OK | |
r-devel-linux-x86_64-fedora-clang | 0.5.0 | 41.02 | NOTE | |||
r-devel-linux-x86_64-fedora-gcc | 0.5.0 | 40.60 | NOTE | |||
r-devel-windows-x86_64 | 0.5.0 | 12.00 | 0.00 | 12.00 | OK | |
r-patched-linux-x86_64 | 0.5.0 | 4.26 | 28.69 | 32.95 | OK | |
r-release-linux-x86_64 | 0.5.0 | 3.73 | 29.31 | 33.04 | OK | |
r-release-macos-arm64 | 0.5.0 | 17.00 | NOTE | |||
r-release-macos-x86_64 | 0.5.0 | 22.00 | NOTE | |||
r-release-windows-x86_64 | 0.5.0 | 13.00 | 56.00 | 69.00 | OK | |
r-oldrel-macos-arm64 | 0.5.0 | 19.00 | NOTE | |||
r-oldrel-macos-x86_64 | 0.5.0 | 23.00 | NOTE | |||
r-oldrel-windows-ix86+x86_64 | 0.5.0 | 9.00 | 56.00 | 65.00 | OK |
Version: 0.5.0
Check: dependencies in R code
Result: NOTE
Namespaces in Imports field not imported from:
‘knitr’ ‘shinyBS’ ‘shinyMatrix’
All declared Imports should be used.
Flavors: r-devel-linux-x86_64-fedora-clang, r-devel-linux-x86_64-fedora-gcc, r-release-macos-arm64, r-release-macos-x86_64, r-oldrel-macos-arm64, r-oldrel-macos-x86_64