CRAN Package Check Results for Package DeltaMAN

Last updated on 2024-04-18 06:57:37 CEST.

Flavor Version Tinstall Tcheck Ttotal Status Flags
r-devel-linux-x86_64-debian-clang 0.5.0 3.72 30.91 34.63 OK
r-devel-linux-x86_64-debian-gcc 0.5.0 2.61 22.87 25.48 OK
r-devel-linux-x86_64-fedora-clang 0.5.0 43.20 NOTE
r-devel-linux-x86_64-fedora-gcc 0.5.0 43.02 NOTE
r-prerel-macos-arm64 0.5.0 18.00 OK
r-prerel-windows-x86_64 0.5.0 5.00 61.00 66.00 OK
r-patched-linux-x86_64 0.5.0 3.75 28.84 32.59 OK
r-release-linux-x86_64 0.5.0 4.03 29.03 33.06 OK
r-release-macos-arm64 0.5.0 21.00 OK
r-release-macos-x86_64 0.5.0 25.00 OK
r-release-windows-x86_64 0.5.0 6.00 43.00 49.00 OK
r-oldrel-macos-arm64 0.5.0 17.00 NOTE
r-oldrel-windows-x86_64 0.5.0 6.00 48.00 54.00 OK

Check Details

Version: 0.5.0
Check: dependencies in R code
Result: NOTE Namespaces in Imports field not imported from: ‘knitr’ ‘shinyBS’ ‘shinyMatrix’ All declared Imports should be used. Flavors: r-devel-linux-x86_64-fedora-clang, r-devel-linux-x86_64-fedora-gcc, r-oldrel-macos-arm64