CRAN Package Check Results for Package DiceOptim

Last updated on 2020-10-20 06:46:44 CEST.

Flavor Version Tinstall Tcheck Ttotal Status Flags
r-devel-linux-x86_64-debian-clang 2.0.1 10.39 81.58 91.97 OK
r-devel-linux-x86_64-debian-gcc 2.0.1 7.63 62.09 69.72 OK
r-devel-linux-x86_64-fedora-clang 2.0.1 113.67 NOTE
r-devel-linux-x86_64-fedora-gcc 2.0.1 105.07 NOTE
r-devel-windows-ix86+x86_64 2.0.1 13.00 107.00 120.00 OK
r-patched-linux-x86_64 2.0.1 7.75 77.34 85.09 OK
r-patched-solaris-x86 2.0.1 129.10 OK
r-release-linux-x86_64 2.0.1 8.78 76.91 85.69 OK
r-release-macos-x86_64 2.0.1 OK
r-release-windows-ix86+x86_64 2.0.1 15.00 141.00 156.00 OK
r-oldrel-macos-x86_64 2.0.1 OK
r-oldrel-windows-ix86+x86_64 2.0.1 13.00 142.00 155.00 OK

Check Details

Version: 2.0.1
Check: compiled code
Result: NOTE
    File ‘DiceOptim/libs/DiceOptim.so’:
     Found no calls to: ‘R_registerRoutines’, ‘R_useDynamicSymbols’
    
    It is good practice to register native routines and to disable symbol
    search.
    
    See ‘Writing portable packages’ in the ‘Writing R Extensions’ manual.
Flavors: r-devel-linux-x86_64-fedora-clang, r-devel-linux-x86_64-fedora-gcc