CRAN Package Check Results for Package DiffCorr

Last updated on 2024-06-13 06:57:59 CEST.

Flavor Version Tinstall Tcheck Ttotal Status Flags
r-devel-linux-x86_64-debian-clang 0.4.3 10.24 113.06 123.30 OK
r-devel-linux-x86_64-debian-gcc 0.4.3 0.38 1.54 1.92 ERROR
r-devel-linux-x86_64-fedora-clang 0.4.3 153.44 OK
r-devel-linux-x86_64-fedora-gcc 0.4.3 153.43 OK
r-devel-windows-x86_64 0.4.3 10.00 97.00 107.00 OK
r-patched-linux-x86_64 0.4.3 10.03 108.84 118.87 OK
r-release-linux-x86_64 0.4.3 11.85 109.59 121.44 OK
r-release-macos-arm64 0.4.3 41.00 OK
r-release-macos-x86_64 0.4.3 64.00 OK
r-release-windows-x86_64 0.4.3 10.00 88.00 98.00 ERROR
r-oldrel-macos-arm64 0.4.3 50.00 OK
r-oldrel-macos-x86_64 0.4.3 96.00 OK
r-oldrel-windows-x86_64 0.4.3 13.00 117.00 130.00 OK

Check Details

Version: 0.4.3
Check: package dependencies
Result: ERROR Package required but not available: ‘igraph’ See section ‘The DESCRIPTION file’ in the ‘Writing R Extensions’ manual. Flavor: r-devel-linux-x86_64-debian-gcc

Version: 0.4.3
Check: data for non-ASCII characters
Result: NOTE During startup - Warning message: package 'stats' in options("defaultPackages") was not found Flavor: r-release-windows-x86_64

Version: 0.4.3
Check: examples
Result: ERROR Running massageExamples to create 'DiffCorr-Ex.R' failed NONE Flavor: r-release-windows-x86_64

Version: 0.4.3
Check: PDF version of manual
Result: WARN LaTeX errors when creating PDF version. This typically indicates Rd problems. Flavor: r-release-windows-x86_64

Version: 0.4.3
Check: PDF version of manual without index
Result: ERROR Re-running with no redirection of stdout/stderr. Flavor: r-release-windows-x86_64