CRAN Package Check Results for Package DiffusionRimp

Last updated on 2020-08-11 06:47:17 CEST.

Flavor Version Tinstall Tcheck Ttotal Status Flags
r-devel-linux-x86_64-debian-clang 0.1.2 33.72 58.01 91.73 OK
r-devel-linux-x86_64-debian-gcc 0.1.2 25.70 45.18 70.88 OK
r-devel-linux-x86_64-fedora-clang 0.1.2 126.38 NOTE
r-devel-linux-x86_64-fedora-gcc 0.1.2 111.39 NOTE
r-devel-windows-ix86+x86_64 0.1.2 65.00 151.00 216.00 OK
r-patched-linux-x86_64 0.1.2 27.40 57.74 85.14 OK
r-patched-solaris-x86 0.1.2 131.40 OK
r-release-linux-x86_64 0.1.2 27.09 57.42 84.51 OK
r-release-macos-x86_64 0.1.2 OK
r-release-windows-ix86+x86_64 0.1.2 91.00 141.00 232.00 OK
r-oldrel-macos-x86_64 0.1.2 WARN
r-oldrel-windows-ix86+x86_64 0.1.2 61.00 93.00 154.00 OK

Check Details

Version: 0.1.2
Check: compiled code
Result: NOTE
    File ‘DiffusionRimp/libs/DiffusionRimp.so’:
     Found no calls to: ‘R_registerRoutines’, ‘R_useDynamicSymbols’
    
    It is good practice to register native routines and to disable symbol
    search.
    
    See ‘Writing portable packages’ in the ‘Writing R Extensions’ manual.
Flavors: r-devel-linux-x86_64-fedora-clang, r-devel-linux-x86_64-fedora-gcc

Version: 0.1.2
Check: whether package can be installed
Result: WARN
    Found the following significant warnings:
     Warning: 'rgl_init' failed, running with rgl.useNULL = TRUE
Flavor: r-oldrel-macos-x86_64