CRAN Package Check Results for Package DirStats

Last updated on 2024-05-18 07:48:59 CEST.

Flavor Version Tinstall Tcheck Ttotal Status Flags
r-devel-linux-x86_64-debian-clang 0.1.9 6.96 37.50 44.46 OK
r-devel-linux-x86_64-debian-gcc 0.1.9 4.08 27.43 31.51 WARN
r-devel-linux-x86_64-fedora-clang 0.1.9 50.47 WARN
r-devel-linux-x86_64-fedora-gcc 0.1.9 51.53 WARN
r-devel-windows-x86_64 0.1.9 8.00 53.00 61.00 WARN
r-patched-linux-x86_64 0.1.9 4.92 34.83 39.75 WARN
r-release-linux-x86_64 0.1.9 5.10 34.89 39.99 OK
r-release-macos-arm64 0.1.9 21.00 OK
r-release-windows-x86_64 0.1.9 8.00 55.00 63.00 OK
r-oldrel-macos-arm64 0.1.9 23.00 OK
r-oldrel-macos-x86_64 0.1.9 41.00 OK
r-oldrel-windows-x86_64 0.1.9 10.00 58.00 68.00 OK

Check Details

Version: 0.1.9
Check: whether package can be installed
Result: WARN Found the following significant warnings: Warning: Fortran 2018 deleted feature: DO termination statement which is not END DO or CONTINUE with label 130 at (1) See ‘/home/hornik/tmp/R.check/r-devel-gcc/Work/PKGS/DirStats.Rcheck/00install.out’ for details. * used C compiler: ‘gcc-13 (Debian 13.2.0-24) 13.2.0’ * used Fortran compiler: ‘GNU Fortran (Debian 13.2.0-24) 13.2.0’ Flavor: r-devel-linux-x86_64-debian-gcc

Version: 0.1.9
Check: whether package can be installed
Result: WARN Found the following significant warnings: ./ribesl.f90:310:25: portability: A DO loop should terminate with an END DO or CONTINUE See ‘/data/gannet/ripley/R/packages/tests-clang/DirStats.Rcheck/00install.out’ for details. * used C compiler: ‘clang version 18.1.5’ * used Fortran compiler: ‘flang-new version 18.1.5’ Flavor: r-devel-linux-x86_64-fedora-clang

Version: 0.1.9
Check: installed package size
Result: NOTE installed size is 5.2Mb sub-directories of 1Mb or more: libs 4.9Mb Flavor: r-devel-linux-x86_64-fedora-clang

Version: 0.1.9
Check: whether package can be installed
Result: WARN Found the following significant warnings: Warning: Fortran 2018 deleted feature: DO termination statement which is not END DO or CONTINUE with label 130 at (1) See ‘/data/gannet/ripley/R/packages/tests-devel/DirStats.Rcheck/00install.out’ for details. * used C compiler: ‘gcc-14 (GCC) 14.1.0’ * used Fortran compiler: ‘GNU Fortran (GCC) 14.1.0’ Flavor: r-devel-linux-x86_64-fedora-gcc

Version: 0.1.9
Check: whether package can be installed
Result: WARN Found the following significant warnings: Warning: Fortran 2018 deleted feature: DO termination statement which is not END DO or CONTINUE with label 130 at (1) See 'd:/Rcompile/CRANpkg/local/4.5/DirStats.Rcheck/00install.out' for details. * used C compiler: 'gcc.exe (GCC) 13.2.0' * used Fortran compiler: 'GNU Fortran (GCC) 13.2.0' Flavor: r-devel-windows-x86_64

Version: 0.1.9
Check: whether package can be installed
Result: WARN Found the following significant warnings: Warning: Fortran 2018 deleted feature: DO termination statement which is not END DO or CONTINUE with label 130 at (1) See ‘/home/hornik/tmp/R.check/r-patched-gcc/Work/PKGS/DirStats.Rcheck/00install.out’ for details. * used C compiler: ‘gcc-13 (Debian 13.2.0-24) 13.2.0’ * used Fortran compiler: ‘GNU Fortran (Debian 13.2.0-24) 13.2.0’ Flavor: r-patched-linux-x86_64