CRAN Package Check Results for Package DistributionTest

Last updated on 2023-09-24 06:53:36 CEST.

Flavor Version Tinstall Tcheck Ttotal Status Flags
r-devel-linux-x86_64-debian-clang 1.1 2.88 35.76 38.64 NOTE
r-devel-linux-x86_64-debian-gcc 1.1 2.43 27.21 29.64 NOTE
r-devel-linux-x86_64-fedora-clang 1.1 47.60 NOTE
r-devel-linux-x86_64-fedora-gcc 1.1 46.76 NOTE
r-devel-windows-x86_64 1.1 5.00 48.00 53.00 NOTE
r-patched-linux-x86_64 1.1 3.20 33.26 36.46 NOTE
r-release-linux-x86_64 1.1 2.75 32.60 35.35 NOTE
r-release-macos-arm64 1.1 17.00 NOTE
r-release-macos-x86_64 1.1 24.00 NOTE
r-release-windows-x86_64 1.1 4.00 49.00 53.00 NOTE
r-oldrel-macos-arm64 1.1 17.00 NOTE
r-oldrel-macos-x86_64 1.1 25.00 NOTE
r-oldrel-windows-x86_64 1.1 5.00 51.00 56.00 NOTE

Check Details

Version: 1.1
Check: LazyData
Result: NOTE
     'LazyData' is specified without a 'data' directory
Flavors: r-devel-linux-x86_64-debian-clang, r-devel-linux-x86_64-debian-gcc, r-devel-linux-x86_64-fedora-clang, r-devel-linux-x86_64-fedora-gcc, r-devel-windows-x86_64, r-patched-linux-x86_64, r-release-linux-x86_64, r-release-macos-arm64, r-release-macos-x86_64, r-release-windows-x86_64, r-oldrel-macos-arm64, r-oldrel-macos-x86_64, r-oldrel-windows-x86_64