Last updated on 2022-07-04 06:51:22 CEST.
Flavor | Version | Tinstall | Tcheck | Ttotal | Status | Flags |
---|---|---|---|---|---|---|
r-devel-linux-x86_64-debian-clang | 1.0 | 5.84 | 56.27 | 62.11 | NOTE | |
r-devel-linux-x86_64-debian-gcc | 1.0 | 6.10 | 42.08 | 48.18 | NOTE | |
r-devel-linux-x86_64-fedora-clang | 1.0 | 84.41 | NOTE | |||
r-devel-linux-x86_64-fedora-gcc | 1.0 | 87.59 | NOTE | |||
r-devel-windows-x86_64 | 1.0 | 28.00 | 80.00 | 108.00 | NOTE | |
r-patched-linux-x86_64 | 1.0 | 12.25 | 52.37 | 64.62 | NOTE | |
r-release-linux-x86_64 | 1.0 | 6.37 | 53.09 | 59.46 | NOTE | |
r-release-macos-arm64 | 1.0 | 23.00 | NOTE | |||
r-release-macos-x86_64 | 1.0 | 33.00 | NOTE | |||
r-release-windows-x86_64 | 1.0 | 50.00 | 77.00 | 127.00 | NOTE | |
r-oldrel-macos-arm64 | 1.0 | 25.00 | NOTE | |||
r-oldrel-macos-x86_64 | 1.0 | 33.00 | NOTE | |||
r-oldrel-windows-ix86+x86_64 | 1.0 | 15.00 | 74.00 | 89.00 | NOTE |
Version: 1.0
Check: package dependencies
Result: NOTE
Package which this enhances but not available for checking: 'gurobi'
Flavors: r-devel-linux-x86_64-debian-clang, r-devel-linux-x86_64-debian-gcc, r-devel-linux-x86_64-fedora-clang, r-devel-linux-x86_64-fedora-gcc, r-devel-windows-x86_64, r-patched-linux-x86_64, r-release-linux-x86_64, r-release-macos-arm64, r-release-macos-x86_64, r-release-windows-x86_64, r-oldrel-macos-arm64, r-oldrel-macos-x86_64, r-oldrel-windows-ix86+x86_64