CRAN Package Check Results for Package DysPIA

Last updated on 2022-06-26 06:50:35 CEST.

Flavor Version Tinstall Tcheck Ttotal Status Flags
r-devel-linux-x86_64-debian-clang 1.3 23.03 51.61 74.64 OK
r-devel-linux-x86_64-debian-gcc 1.3 20.67 38.58 59.25 OK
r-devel-linux-x86_64-fedora-clang 1.3 108.44 OK
r-devel-linux-x86_64-fedora-gcc 1.3 101.41 OK
r-devel-windows-x86_64 1.3 40.00 94.00 134.00 NOTE
r-patched-linux-x86_64 1.3 23.57 48.67 72.24 OK
r-release-linux-x86_64 1.3 23.15 48.98 72.13 OK
r-release-macos-arm64 1.3 34.00 NOTE
r-release-macos-x86_64 1.3 43.00 NOTE
r-release-windows-x86_64 1.3 37.00 98.00 135.00 NOTE
r-oldrel-macos-arm64 1.3 41.00 NOTE
r-oldrel-macos-x86_64 1.3 55.00 NOTE
r-oldrel-windows-ix86+x86_64 1.3 57.00 116.00 173.00 NOTE

Check Details

Version: 1.3
Check: installed package size
Result: NOTE
     installed size is 5.1Mb
     sub-directories of 1Mb or more:
     data 3.9Mb
     libs 1.0Mb
Flavors: r-devel-windows-x86_64, r-release-macos-arm64, r-release-macos-x86_64, r-release-windows-x86_64, r-oldrel-macos-arm64, r-oldrel-macos-x86_64, r-oldrel-windows-ix86+x86_64