Last updated on 2021-01-20 06:46:44 CET.
Flavor | Version | Tinstall | Tcheck | Ttotal | Status | Flags |
---|---|---|---|---|---|---|
r-devel-linux-x86_64-debian-clang | 0.3.0 | 99.85 | 576.42 | 676.27 | OK | |
r-devel-linux-x86_64-debian-gcc | 0.3.0 | 63.24 | 417.85 | 481.09 | OK | |
r-devel-linux-x86_64-fedora-clang | 0.3.0 | 666.41 | NOTE | |||
r-devel-linux-x86_64-fedora-gcc | 0.3.0 | 758.97 | NOTE | |||
r-devel-windows-ix86+x86_64 | 0.3.0 | 170.00 | 538.00 | 708.00 | OK | |
r-patched-linux-x86_64 | 0.3.0 | 75.11 | 492.36 | 567.47 | OK | |
r-patched-solaris-x86 | 0.3.0 | 996.40 | NOTE | |||
r-release-linux-x86_64 | 0.3.0 | 80.20 | 488.87 | 569.07 | OK | |
r-release-macos-x86_64 | 0.3.0 | NOTE | ||||
r-release-windows-ix86+x86_64 | 0.3.0 | 173.00 | 580.00 | 753.00 | OK | |
r-oldrel-macos-x86_64 | 0.3.0 | NOTE | ||||
r-oldrel-windows-ix86+x86_64 | 0.3.0 | 148.00 | 541.00 | 689.00 | OK |
Version: 0.3.0
Check: installed package size
Result: NOTE
installed size is 5.9Mb
sub-directories of 1Mb or more:
doc 1.0Mb
libs 3.9Mb
Flavors: r-devel-linux-x86_64-fedora-clang, r-release-macos-x86_64, r-oldrel-macos-x86_64
Version: 0.3.0
Check: dependencies in R code
Result: NOTE
Namespace in Imports field not imported from: ‘progress’
All declared Imports should be used.
Flavors: r-devel-linux-x86_64-fedora-clang, r-devel-linux-x86_64-fedora-gcc, r-patched-solaris-x86, r-release-macos-x86_64, r-oldrel-macos-x86_64