CRAN Package Check Results for Package EFAtools

Last updated on 2021-12-02 06:49:05 CET.

Flavor Version Tinstall Tcheck Ttotal Status Flags
r-devel-linux-x86_64-debian-clang 0.3.1 90.47 575.66 666.13 OK
r-devel-linux-x86_64-debian-gcc 0.3.1 67.69 468.98 536.67 OK
r-devel-linux-x86_64-fedora-clang 0.3.1 659.54 NOTE
r-devel-linux-x86_64-fedora-gcc 0.3.1 709.36 NOTE
r-devel-windows-x86_64-new-UL 0.3.1 128.00 590.00 718.00 OK
r-devel-windows-x86_64-new-TK 0.3.1 NOTE
r-devel-windows-x86_64-old 0.3.1 119.00 372.00 491.00 OK
r-patched-linux-x86_64 0.3.1 84.49 482.32 566.81 OK
r-patched-solaris-x86 0.3.1 557.40 NOTE
r-release-linux-x86_64 0.3.1 76.13 483.66 559.79 OK
r-release-macos-arm64 0.3.1 NOTE
r-release-macos-x86_64 0.3.1 NOTE
r-release-windows-ix86+x86_64 0.3.1 225.00 682.00 907.00 OK
r-oldrel-macos-x86_64 0.3.1 NOTE
r-oldrel-windows-ix86+x86_64 0.3.1 224.00 707.00 931.00 OK

Check Details

Version: 0.3.1
Check: installed package size
Result: NOTE
     installed size is 5.2Mb
     sub-directories of 1Mb or more:
     doc 1.0Mb
     libs 3.2Mb
Flavors: r-devel-linux-x86_64-fedora-clang, r-release-macos-arm64, r-release-macos-x86_64, r-oldrel-macos-x86_64

Version: 0.3.1
Check: dependencies in R code
Result: NOTE
    Namespace in Imports field not imported from: ‘progress’
     All declared Imports should be used.
Flavors: r-devel-linux-x86_64-fedora-clang, r-devel-linux-x86_64-fedora-gcc, r-devel-windows-x86_64-new-TK, r-patched-solaris-x86, r-release-macos-arm64, r-release-macos-x86_64, r-oldrel-macos-x86_64