Last updated on 2023-03-24 05:52:12 CET.
Flavor | Version | Tinstall | Tcheck | Ttotal | Status | Flags |
---|---|---|---|---|---|---|
r-devel-linux-x86_64-debian-clang | 2.0.4 | 5.46 | 54.07 | 59.53 | OK | |
r-devel-linux-x86_64-debian-gcc | 2.0.4 | 5.01 | 41.06 | 46.07 | OK | |
r-devel-linux-x86_64-fedora-clang | 2.0.4 | 76.27 | OK | |||
r-devel-linux-x86_64-fedora-gcc | 2.0.4 | 85.60 | OK | |||
r-devel-windows-x86_64 | 2.0.4 | 34.00 | 86.00 | 120.00 | OK | |
r-patched-linux-x86_64 | 2.0.4 | 11.63 | 52.11 | 63.74 | OK | |
r-release-linux-x86_64 | 2.0.4 | 4.20 | 52.36 | 56.56 | OK | |
r-release-macos-arm64 | 2.0.4 | 29.00 | ERROR | |||
r-release-macos-x86_64 | 2.0.4 | 41.00 | OK | |||
r-release-windows-x86_64 | 2.0.4 | 19.00 | 89.00 | 108.00 | OK | |
r-oldrel-macos-arm64 | 2.0.4 | 31.00 | ERROR | |||
r-oldrel-macos-x86_64 | 2.0.4 | 48.00 | OK | |||
r-oldrel-windows-ix86+x86_64 | 2.0.4 | 12.00 | 82.00 | 94.00 | OK |
Version: 2.0.4
Check: tests
Result: ERROR
Running ‘testthat.R’ [1s/1s]
Running the tests in ‘tests/testthat.R’ failed.
Last 13 lines of output:
> library(EGRETci)
> test_check("EGRETci")
[ FAIL 1 | WARN 0 | SKIP 10 | PASS 16 ]
══ Skipped tests ═══════════════════════════════════════════════════════════════
• On CRAN (10)
══ Failed tests ════════════════════════════════════════════════════════════════
── Failure ('tests_boot_tests.R:112'): paVector ────────────────────────────────
`paIndexWinter` not equal to 11:13.
Lengths differ: 4 is not 3
[ FAIL 1 | WARN 0 | SKIP 10 | PASS 16 ]
Error: Test failures
Execution halted
Flavors: r-release-macos-arm64, r-oldrel-macos-arm64