CRAN Package Check Results for Package ELISAtools

Last updated on 2023-04-01 07:10:37 CEST.

Flavor Version Tinstall Tcheck Ttotal Status Flags
r-devel-linux-x86_64-debian-clang 0.1.5 5.29 49.14 54.43 NOTE
r-devel-linux-x86_64-debian-gcc 0.1.5 3.49 37.94 41.43 NOTE
r-devel-linux-x86_64-fedora-clang 0.1.5 67.97 NOTE
r-devel-linux-x86_64-fedora-gcc 0.1.5 75.35 NOTE
r-devel-windows-x86_64 0.1.5 40.00 96.00 136.00 NOTE
r-patched-linux-x86_64 0.1.5 6.30 47.24 53.54 NOTE
r-release-linux-x86_64 0.1.5 3.74 47.23 50.97 NOTE
r-release-macos-arm64 0.1.5 29.00 NOTE
r-release-macos-x86_64 0.1.5 36.00 NOTE
r-release-windows-x86_64 0.1.5 33.00 95.00 128.00 NOTE
r-oldrel-macos-arm64 0.1.5 28.00 NOTE
r-oldrel-macos-x86_64 0.1.5 44.00 NOTE
r-oldrel-windows-ix86+x86_64 0.1.5 10.00 83.00 93.00 NOTE

Check Details

Version: 0.1.5
Check: LazyData
Result: NOTE
     'LazyData' is specified without a 'data' directory
Flavors: r-devel-linux-x86_64-debian-clang, r-devel-linux-x86_64-debian-gcc, r-devel-linux-x86_64-fedora-clang, r-devel-linux-x86_64-fedora-gcc, r-devel-windows-x86_64, r-patched-linux-x86_64, r-release-linux-x86_64, r-release-macos-arm64, r-release-macos-x86_64, r-release-windows-x86_64, r-oldrel-macos-arm64, r-oldrel-macos-x86_64, r-oldrel-windows-ix86+x86_64