CRAN Package Check Results for Package ELISAtools

Last updated on 2022-05-24 06:50:39 CEST.

Flavor Version Tinstall Tcheck Ttotal Status Flags
r-devel-linux-x86_64-debian-clang 0.1.5 4.24 58.62 62.86 NOTE
r-devel-linux-x86_64-debian-gcc 0.1.5 3.50 43.95 47.45 NOTE
r-devel-linux-x86_64-fedora-clang 0.1.5 80.76 NOTE
r-devel-linux-x86_64-fedora-gcc 0.1.5 77.15 NOTE
r-devel-windows-x86_64 0.1.5 46.00 85.00 131.00 NOTE
r-patched-linux-x86_64 0.1.5 5.17 56.25 61.42 NOTE
r-release-linux-x86_64 0.1.5 NOTE
r-release-macos-arm64 0.1.5 29.00 NOTE
r-release-macos-x86_64 0.1.5 36.00 NOTE
r-release-windows-x86_64 0.1.5 47.00 88.00 135.00 NOTE
r-oldrel-macos-arm64 0.1.5 28.00 NOTE
r-oldrel-macos-x86_64 0.1.5 44.00 NOTE
r-oldrel-windows-ix86+x86_64 0.1.5 10.00 79.00 89.00 NOTE

Check Details

Version: 0.1.5
Check: LazyData
Result: NOTE
     'LazyData' is specified without a 'data' directory
Flavors: r-devel-linux-x86_64-debian-clang, r-devel-linux-x86_64-debian-gcc, r-devel-linux-x86_64-fedora-clang, r-devel-linux-x86_64-fedora-gcc, r-devel-windows-x86_64, r-patched-linux-x86_64, r-release-linux-x86_64, r-release-macos-arm64, r-release-macos-x86_64, r-release-windows-x86_64, r-oldrel-macos-arm64, r-oldrel-macos-x86_64, r-oldrel-windows-ix86+x86_64