CRAN Package Check Results for Package EMCluster

Last updated on 2020-09-22 06:47:23 CEST.

Flavor Version Tinstall Tcheck Ttotal Status Flags
r-devel-linux-x86_64-debian-clang 0.2-12 23.21 75.90 99.11 OK
r-devel-linux-x86_64-debian-gcc 0.2-12 0.47 2.43 2.90 ERROR
r-devel-linux-x86_64-fedora-clang 0.2-12 135.83 OK
r-devel-linux-x86_64-fedora-gcc 0.2-12 142.81 OK
r-devel-windows-ix86+x86_64 0.2-12 85.00 141.00 226.00 OK
r-patched-linux-x86_64 0.2-12 20.89 74.82 95.71 OK
r-patched-solaris-x86 0.2-12 179.20 OK
r-release-linux-x86_64 0.2-12 20.72 75.23 95.95 OK
r-release-macos-x86_64 0.2-12 OK
r-release-windows-ix86+x86_64 0.2-12 92.00 112.00 204.00 OK
r-oldrel-macos-x86_64 0.2-12 OK
r-oldrel-windows-ix86+x86_64 0.2-12 69.00 141.00 210.00 OK

Additional issues

valgrind

Check Details

Version: 0.2-12
Check: whether package can be installed
Result: ERROR
    Installation failed.
Flavor: r-devel-linux-x86_64-debian-gcc