Last updated on 2023-03-26 06:53:23 CEST.
Flavor | Version | Tinstall | Tcheck | Ttotal | Status | Flags |
---|---|---|---|---|---|---|
r-devel-linux-x86_64-debian-clang | 2.0.6.1 | 8.95 | 107.63 | 116.58 | OK | |
r-devel-linux-x86_64-debian-gcc | 2.0.6.1 | 7.35 | 80.17 | 87.52 | OK | |
r-devel-linux-x86_64-fedora-gcc | 2.0.6.1 | 145.08 | OK | |||
r-devel-windows-x86_64 | 2.0.6.1 | 53.00 | 148.00 | 201.00 | OK | --no-vignettes |
r-patched-linux-x86_64 | 2.0.6.1 | 14.50 | 100.86 | 115.36 | OK | |
r-release-linux-x86_64 | 2.0.6.1 | 8.64 | 103.68 | 112.32 | OK | |
r-release-macos-arm64 | 2.0.6.1 | 45.00 | OK | |||
r-release-macos-x86_64 | 2.0.6.1 | 68.00 | OK | |||
r-release-windows-x86_64 | 2.0.6.1 | 81.00 | 164.00 | 245.00 | OK | --no-vignettes |
r-oldrel-macos-arm64 | 2.0.6.1 | 46.00 | OK | |||
r-oldrel-macos-x86_64 | 2.0.6.1 | 64.00 | OK | |||
r-oldrel-windows-ix86+x86_64 | 2.0.6.1 | 24.00 | 156.00 | 180.00 | NOTE | --no-vignettes |
Version: 2.0.6.1
Flags: --no-vignettes
Check: R code for possible problems
Result: NOTE
Initiating curl with CURL_SSL_BACKEND: openssl
Flavor: r-oldrel-windows-ix86+x86_64