Last updated on 2023-01-27 07:50:31 CET.
Flavor | Version | Tinstall | Tcheck | Ttotal | Status | Flags |
---|---|---|---|---|---|---|
r-devel-linux-x86_64-debian-clang | 0.1.3 | 63.63 | 89.25 | 152.88 | OK | |
r-devel-linux-x86_64-debian-gcc | 0.1.3 | 48.54 | 64.18 | 112.72 | NOTE | |
r-devel-linux-x86_64-fedora-clang | 0.1.3 | 214.48 | OK | |||
r-devel-linux-x86_64-fedora-gcc | 0.1.3 | 201.65 | NOTE | |||
r-devel-windows-x86_64 | 0.1.3 | 63.00 | 132.00 | 195.00 | OK | |
r-patched-linux-x86_64 | 0.1.3 | 55.93 | 85.11 | 141.04 | OK | |
r-release-linux-x86_64 | 0.1.3 | 56.13 | 87.15 | 143.28 | OK | |
r-release-macos-arm64 | 0.1.3 | 54.00 | NOTE | |||
r-release-macos-x86_64 | 0.1.3 | 87.00 | NOTE | |||
r-release-windows-x86_64 | 0.1.3 | 52.00 | 135.00 | 187.00 | OK | |
r-oldrel-macos-arm64 | 0.1.3 | 61.00 | NOTE | |||
r-oldrel-macos-x86_64 | 0.1.3 | 74.00 | NOTE | |||
r-oldrel-windows-ix86+x86_64 | 0.1.3 | 151.00 | 174.00 | 325.00 | NOTE |
Version: 0.1.3
Check: C++ specification
Result: NOTE
Specified C++11: please update to current default of C++17
Flavors: r-devel-linux-x86_64-debian-gcc, r-devel-linux-x86_64-fedora-gcc
Version: 0.1.3
Check: installed package size
Result: NOTE
installed size is 6.8Mb
sub-directories of 1Mb or more:
data 2.0Mb
libs 4.0Mb
Flavors: r-release-macos-arm64, r-release-macos-x86_64, r-oldrel-macos-arm64, r-oldrel-macos-x86_64, r-oldrel-windows-ix86+x86_64