CRAN Package Check Results for Package EPLSIM

Last updated on 2024-04-21 06:54:53 CEST.

Flavor Version Tinstall Tcheck Ttotal Status Flags
r-devel-linux-x86_64-debian-clang 0.1.0 3.49 58.16 61.65 OK
r-devel-linux-x86_64-debian-gcc 0.1.0 2.25 42.54 44.79 OK
r-devel-linux-x86_64-fedora-clang 0.1.0 74.07 OK
r-devel-linux-x86_64-fedora-gcc 0.1.0 82.54 OK
r-prerel-macos-arm64 0.1.0 35.00 OK
r-prerel-windows-x86_64 0.1.0 3.00 70.00 73.00 OK
r-patched-linux-x86_64 0.1.0 3.54 55.28 58.82 OK
r-release-linux-x86_64 0.1.0 2.39 52.37 54.76 OK
r-release-macos-arm64 0.1.0 36.00 OK
r-release-macos-x86_64 0.1.0 53.00 NOTE
r-release-windows-x86_64 0.1.0 5.00 77.00 82.00 OK
r-oldrel-macos-arm64 0.1.0 26.00 OK
r-oldrel-windows-x86_64 0.1.0 5.00 76.00 81.00 OK

Check Details

Version: 0.1.0
Check: package dependencies
Result: NOTE Package suggested but not available for checking: ‘PerformanceAnalytics’ Flavor: r-release-macos-x86_64