CRAN Package Check Results for Package Eagle

Last updated on 2024-05-23 06:57:47 CEST.

Flavor Version Tinstall Tcheck Ttotal Status Flags
r-devel-linux-x86_64-debian-clang 2.5 358.16 89.22 447.38 NOTE
r-devel-linux-x86_64-debian-gcc 2.5 233.13 72.08 305.21 NOTE
r-devel-linux-x86_64-fedora-clang 2.5 666.58 NOTE
r-devel-linux-x86_64-fedora-gcc 2.5 689.46 NOTE
r-devel-windows-x86_64 2.5 251.00 112.00 363.00 NOTE
r-patched-linux-x86_64 2.5 271.79 92.11 363.90 NOTE
r-release-linux-x86_64 2.5 292.21 90.64 382.85 NOTE
r-release-macos-arm64 2.5 113.00 NOTE
r-release-windows-x86_64 2.5 258.00 112.00 370.00 NOTE
r-oldrel-macos-arm64 2.5 130.00 NOTE
r-oldrel-macos-x86_64 2.5 226.00 NOTE
r-oldrel-windows-x86_64 2.5 329.00 133.00 462.00 NOTE

Check Details

Version: 2.5
Check: Rd files
Result: NOTE checkRd: (-1) AM.Rd:95-98: Lost braces in \itemize; meant \describe ? checkRd: (-1) AM.Rd:99-102: Lost braces in \itemize; meant \describe ? checkRd: (-1) AM.Rd:103: Lost braces in \itemize; meant \describe ? checkRd: (-1) AM.Rd:123-125: Lost braces in \itemize; meant \describe ? checkRd: (-1) AM.Rd:126-133: Lost braces in \itemize; meant \describe ? checkRd: (-1) AM.Rd:134-135: Lost braces in \itemize; meant \describe ? checkRd: (-1) AM.Rd:136-137: Lost braces in \itemize; meant \describe ? checkRd: (-1) AM.Rd:163-165: Lost braces in \itemize; meant \describe ? checkRd: (-1) AM.Rd:166-173: Lost braces in \itemize; meant \describe ? checkRd: (-1) AM.Rd:174-176: Lost braces in \itemize; meant \describe ? checkRd: (-1) AM.Rd:177-178: Lost braces in \itemize; meant \describe ? checkRd: (-1) AM.Rd:179-180: Lost braces in \itemize; meant \describe ? Flavors: r-devel-linux-x86_64-debian-clang, r-devel-linux-x86_64-debian-gcc, r-devel-linux-x86_64-fedora-clang, r-devel-linux-x86_64-fedora-gcc, r-devel-windows-x86_64, r-patched-linux-x86_64, r-release-linux-x86_64, r-release-macos-arm64, r-release-windows-x86_64

Version: 2.5
Check: C++ specification
Result: NOTE Specified C++11: please drop specification unless essential Flavors: r-devel-windows-x86_64, r-release-windows-x86_64, r-oldrel-windows-x86_64

Version: 2.5
Check: installed package size
Result: NOTE installed size is 12.7Mb sub-directories of 1Mb or more: libs 11.3Mb shiny_app 1.1Mb Flavors: r-release-macos-arm64, r-oldrel-macos-arm64, r-oldrel-macos-x86_64