Last updated on 2022-07-06 06:52:49 CEST.
Flavor | Version | Tinstall | Tcheck | Ttotal | Status | Flags |
---|---|---|---|---|---|---|
r-devel-linux-x86_64-debian-clang | 0.1.1 | 12.28 | 103.16 | 115.44 | OK | |
r-devel-linux-x86_64-debian-gcc | 0.1.1 | 10.11 | 75.50 | 85.61 | OK | |
r-devel-linux-x86_64-fedora-clang | 0.1.1 | 151.33 | WARN | |||
r-devel-linux-x86_64-fedora-gcc | 0.1.1 | 151.04 | WARN | |||
r-devel-windows-x86_64 | 0.1.1 | 22.00 | 122.00 | 144.00 | OK | |
r-patched-linux-x86_64 | 0.1.1 | 11.93 | 96.66 | 108.59 | OK | |
r-release-linux-x86_64 | 0.1.1 | 11.00 | 96.75 | 107.75 | OK | |
r-release-macos-arm64 | 0.1.1 | 39.00 | OK | |||
r-release-macos-x86_64 | 0.1.1 | 72.00 | OK | |||
r-release-windows-x86_64 | 0.1.1 | 27.00 | 127.00 | 154.00 | OK | |
r-oldrel-macos-arm64 | 0.1.1 | 39.00 | OK | |||
r-oldrel-macos-x86_64 | 0.1.1 | 57.00 | OK | |||
r-oldrel-windows-ix86+x86_64 | 0.1.1 | 29.00 | 121.00 | 150.00 | OK |
Version: 0.1.1
Check: package dependencies
Result: WARN
Requires (indirectly) orphaned package: ‘gtools’
Flavors: r-devel-linux-x86_64-fedora-clang, r-devel-linux-x86_64-fedora-gcc