CRAN Package Check Results for Package Ecfun

Last updated on 2022-06-29 06:53:25 CEST.

Flavor Version Tinstall Tcheck Ttotal Status Flags
r-devel-linux-x86_64-debian-clang 0.2-6 18.05 163.10 181.15 OK
r-devel-linux-x86_64-debian-gcc 0.2-6 12.89 119.45 132.34 ERROR
r-devel-linux-x86_64-fedora-clang 0.2-6 240.64 ERROR
r-devel-linux-x86_64-fedora-gcc 0.2-6 242.26 ERROR
r-devel-windows-x86_64 0.2-6 42.00 207.00 249.00 OK
r-patched-linux-x86_64 0.2-6 16.36 156.89 173.25 OK
r-release-linux-x86_64 0.2-6 11.04 151.69 162.73 OK
r-release-macos-arm64 0.2-6 63.00 OK
r-release-macos-x86_64 0.2-6 85.00 OK
r-release-windows-x86_64 0.2-6 47.00 213.00 260.00 OK
r-oldrel-macos-arm64 0.2-6 58.00 OK
r-oldrel-macos-x86_64 0.2-6 86.00 OK
r-oldrel-windows-ix86+x86_64 0.2-6 36.00 227.00 263.00 OK

Check Details

Version: 0.2-6
Check: examples
Result: ERROR
    Running examples in ‘Ecfun-Ex.R’ failed
    The error most likely occurred in:
    
    > base::assign(".ptime", proc.time(), pos = "CheckExEnv")
    > ### Name: read.transpose
    > ### Title: Read a data table in transpose form
    > ### Aliases: read.transpose
    > ### Keywords: IO
    >
    > ### ** Examples
    >
    > # Find demoFiles/*.csv
    > demoDir <- system.file('demoFiles', package='Ecdat')
    > (demoCsv <- dir(demoDir, pattern='csv$', full.names=TRUE))
    [1] "/home/hornik/tmp/R.check/r-devel-gcc/Work/build/Packages/Ecdat/demoFiles/NIPA6.16A20090820.csv"
    [2] "/home/hornik/tmp/R.check/r-devel-gcc/Work/build/Packages/Ecdat/demoFiles/NIPA6.16B20080817.csv"
    [3] "/home/hornik/tmp/R.check/r-devel-gcc/Work/build/Packages/Ecdat/demoFiles/NIPA6.16C20080817.csv"
    [4] "/home/hornik/tmp/R.check/r-devel-gcc/Work/build/Packages/Ecdat/demoFiles/NIPA6.16D20130130.csv"
    >
    > # Use the fourth example
    > # to ensure the code will handle commas in a name
    > # and NAs
    > nipa6.16D <- read.transpose(demoCsv[4])
    Warning in gsub("\"", "", Txt) :
     unable to translate '"Line","<a0>","1998","1999","2000","2001","2002","2003","2004","2005","2006","2007","2008","2009","2010","2011","2012"' to a wide string
    Error in gsub("\"", "", Txt) : input string 5 is invalid
    Calls: read.transpose -> gsub
    Execution halted
Flavor: r-devel-linux-x86_64-debian-gcc

Version: 0.2-6
Check: examples
Result: ERROR
    Running examples in ‘Ecfun-Ex.R’ failed
    The error most likely occurred in:
    
    > ### Name: read.transpose
    > ### Title: Read a data table in transpose form
    > ### Aliases: read.transpose
    > ### Keywords: IO
    >
    > ### ** Examples
    >
    > # Find demoFiles/*.csv
    > demoDir <- system.file('demoFiles', package='Ecdat')
    > (demoCsv <- dir(demoDir, pattern='csv$', full.names=TRUE))
    [1] "/data/gannet/ripley/R/test-clang/Ecdat/demoFiles/NIPA6.16A20090820.csv"
    [2] "/data/gannet/ripley/R/test-clang/Ecdat/demoFiles/NIPA6.16B20080817.csv"
    [3] "/data/gannet/ripley/R/test-clang/Ecdat/demoFiles/NIPA6.16C20080817.csv"
    [4] "/data/gannet/ripley/R/test-clang/Ecdat/demoFiles/NIPA6.16D20130130.csv"
    >
    > # Use the fourth example
    > # to ensure the code will handle commas in a name
    > # and NAs
    > nipa6.16D <- read.transpose(demoCsv[4])
    Warning in gsub("\"", "", Txt) :
     unable to translate '"Line","<a0>","1998","1999","2000","2001","2002","2003","2004","2005","2006","2007","2008","2009","2010","2011","2012"' to a wide string
    Error in gsub("\"", "", Txt) : input string 5 is invalid
    Calls: read.transpose -> gsub
    Execution halted
Flavor: r-devel-linux-x86_64-fedora-clang

Version: 0.2-6
Check: examples
Result: ERROR
    Running examples in ‘Ecfun-Ex.R’ failed
    The error most likely occurred in:
    
    > ### Name: read.transpose
    > ### Title: Read a data table in transpose form
    > ### Aliases: read.transpose
    > ### Keywords: IO
    >
    > ### ** Examples
    >
    > # Find demoFiles/*.csv
    > demoDir <- system.file('demoFiles', package='Ecdat')
    > (demoCsv <- dir(demoDir, pattern='csv$', full.names=TRUE))
    [1] "/data/gannet/ripley/R/test-dev/Ecdat/demoFiles/NIPA6.16A20090820.csv"
    [2] "/data/gannet/ripley/R/test-dev/Ecdat/demoFiles/NIPA6.16B20080817.csv"
    [3] "/data/gannet/ripley/R/test-dev/Ecdat/demoFiles/NIPA6.16C20080817.csv"
    [4] "/data/gannet/ripley/R/test-dev/Ecdat/demoFiles/NIPA6.16D20130130.csv"
    >
    > # Use the fourth example
    > # to ensure the code will handle commas in a name
    > # and NAs
    > nipa6.16D <- read.transpose(demoCsv[4])
    Warning in gsub("\"", "", Txt) :
     unable to translate '"Line","<a0>","1998","1999","2000","2001","2002","2003","2004","2005","2006","2007","2008","2009","2010","2011","2012"' to a wide string
    Error in gsub("\"", "", Txt) : input string 5 is invalid
    Calls: read.transpose -> gsub
    Execution halted
Flavor: r-devel-linux-x86_64-fedora-gcc