CRAN Package Check Results for Package EstHer

Last updated on 2021-06-21 06:49:07 CEST.

Flavor Version Tinstall Tcheck Ttotal Status Flags
r-devel-linux-x86_64-debian-clang 1.0 34.38 77.20 111.58 OK
r-devel-linux-x86_64-debian-gcc 1.0 24.09 59.44 83.53 OK
r-devel-linux-x86_64-fedora-clang 1.0 152.79 NOTE
r-devel-linux-x86_64-fedora-gcc 1.0 137.98 NOTE
r-devel-windows-x86_64 1.0 44.00 101.00 145.00 OK
r-devel-windows-x86_64-gcc10-UCRT 1.0 OK
r-patched-linux-x86_64 1.0 28.70 73.89 102.59 OK
r-patched-solaris-x86 1.0 179.70 OK
r-release-linux-x86_64 1.0 28.47 74.50 102.97 OK
r-release-macos-arm64 1.0 OK
r-release-macos-x86_64 1.0 OK
r-release-windows-ix86+x86_64 1.0 83.00 143.00 226.00 OK
r-oldrel-macos-x86_64 1.0 OK

Check Details

Version: 1.0
Check: compiled code
Result: NOTE
    File ‘EstHer/libs/EstHer.so’:
     Found no calls to: ‘R_registerRoutines’, ‘R_useDynamicSymbols’
    
    It is good practice to register native routines and to disable symbol
    search.
    
    See ‘Writing portable packages’ in the ‘Writing R Extensions’ manual.
Flavors: r-devel-linux-x86_64-fedora-clang, r-devel-linux-x86_64-fedora-gcc