CRAN Package Check Results for Package EstimationTools

Last updated on 2020-11-27 06:46:45 CET.

Flavor Version Tinstall Tcheck Ttotal Status Flags
r-devel-linux-x86_64-debian-clang 2.0.0 11.82 99.90 111.72 OK
r-devel-linux-x86_64-debian-gcc 2.0.0 7.37 78.32 85.69 OK
r-devel-linux-x86_64-fedora-clang 2.0.0 140.26 NOTE
r-devel-linux-x86_64-fedora-gcc 2.0.0 130.72 NOTE
r-devel-windows-ix86+x86_64 2.0.0 19.00 128.00 147.00 OK
r-patched-linux-x86_64 2.0.0 10.37 95.87 106.24 OK
r-patched-solaris-x86 2.0.0 191.80 NOTE
r-release-linux-x86_64 2.0.0 10.05 96.54 106.59 OK
r-release-macos-x86_64 2.0.0 NOTE
r-release-windows-ix86+x86_64 2.0.0 21.00 102.00 123.00 OK
r-oldrel-macos-x86_64 2.0.0 NOTE
r-oldrel-windows-ix86+x86_64 2.0.0 17.00 117.00 134.00 OK

Check Details

Version: 2.0.0
Check: dependencies in R code
Result: NOTE
    Namespaces in Imports field not imported from:
     ‘RCurl’ ‘foreign’
     All declared Imports should be used.
Flavors: r-devel-linux-x86_64-fedora-clang, r-devel-linux-x86_64-fedora-gcc, r-patched-solaris-x86, r-release-macos-x86_64, r-oldrel-macos-x86_64