CRAN Package Check Results for Package EvCombR

Last updated on 2020-08-05 06:47:20 CEST.

Flavor Version Tinstall Tcheck Ttotal Status Flags
r-devel-linux-x86_64-debian-clang 0.1-2 3.74 25.74 29.48 NOTE
r-devel-linux-x86_64-debian-gcc 0.1-2 2.77 20.14 22.91 NOTE
r-devel-linux-x86_64-fedora-clang 0.1-2 43.76 NOTE
r-devel-linux-x86_64-fedora-gcc 0.1-2 33.64 NOTE
r-devel-windows-ix86+x86_64 0.1-2 9.00 53.00 62.00 NOTE
r-patched-linux-x86_64 0.1-2 3.24 25.47 28.71 NOTE
r-patched-solaris-x86 0.1-2 51.20 NOTE
r-release-linux-x86_64 0.1-2 3.35 25.66 29.01 NOTE
r-release-macos-x86_64 0.1-2 NOTE
r-release-windows-ix86+x86_64 0.1-2 7.00 37.00 44.00 NOTE
r-oldrel-macos-x86_64 0.1-2 NOTE
r-oldrel-windows-ix86+x86_64 0.1-2 8.00 51.00 59.00 NOTE

Check Details

Version: 0.1-2
Check: DESCRIPTION meta-information
Result: NOTE
    Malformed Description field: should contain one or more complete sentences.
Flavors: r-devel-linux-x86_64-debian-clang, r-devel-linux-x86_64-debian-gcc, r-devel-linux-x86_64-fedora-clang, r-devel-linux-x86_64-fedora-gcc, r-devel-windows-ix86+x86_64, r-patched-linux-x86_64, r-patched-solaris-x86, r-release-linux-x86_64, r-release-macos-x86_64, r-release-windows-ix86+x86_64, r-oldrel-macos-x86_64, r-oldrel-windows-ix86+x86_64

Version: 0.1-2
Check: R code for possible problems
Result: NOTE
    powerSet : <anonymous>: no visible global function definition for
     'combn'
    Undefined global functions or variables:
     combn
    Consider adding
     importFrom("utils", "combn")
    to your NAMESPACE file.
Flavors: r-devel-linux-x86_64-debian-clang, r-devel-linux-x86_64-debian-gcc, r-devel-linux-x86_64-fedora-clang, r-devel-linux-x86_64-fedora-gcc, r-devel-windows-ix86+x86_64, r-patched-linux-x86_64, r-patched-solaris-x86, r-release-linux-x86_64, r-release-macos-x86_64, r-release-windows-ix86+x86_64, r-oldrel-macos-x86_64, r-oldrel-windows-ix86+x86_64