CRAN Package Check Results for Package ExpDE

Last updated on 2024-04-18 06:57:39 CEST.

Flavor Version Tinstall Tcheck Ttotal Status Flags
r-devel-linux-x86_64-debian-clang 0.1.4 3.97 33.63 37.60 NOTE
r-devel-linux-x86_64-debian-gcc 0.1.4 2.68 24.95 27.63 NOTE
r-devel-linux-x86_64-fedora-clang 0.1.4 48.84 NOTE
r-devel-linux-x86_64-fedora-gcc 0.1.4 46.17 NOTE
r-prerel-macos-arm64 0.1.4 17.00 NOTE
r-prerel-windows-x86_64 0.1.4 3.00 54.00 57.00 NOTE
r-patched-linux-x86_64 0.1.4 3.92 32.70 36.62 NOTE
r-release-linux-x86_64 0.1.4 2.77 33.14 35.91 NOTE
r-release-macos-arm64 0.1.4 22.00 NOTE
r-release-macos-x86_64 0.1.4 25.00 NOTE
r-release-windows-x86_64 0.1.4 4.00 55.00 59.00 NOTE
r-oldrel-macos-arm64 0.1.4 18.00 OK
r-oldrel-windows-x86_64 0.1.4 6.00 55.00 61.00 NOTE

Check Details

Version: 0.1.4
Check: package dependencies
Result: NOTE Package suggested but not available for checking: ‘cec2013’ Flavors: r-devel-linux-x86_64-debian-clang, r-devel-linux-x86_64-debian-gcc, r-devel-linux-x86_64-fedora-clang, r-devel-linux-x86_64-fedora-gcc, r-prerel-macos-arm64, r-prerel-windows-x86_64, r-patched-linux-x86_64, r-release-linux-x86_64, r-release-macos-arm64, r-release-macos-x86_64, r-release-windows-x86_64, r-oldrel-windows-x86_64