Last updated on 2023-03-25 05:50:31 CET.
Flavor | Version | Tinstall | Tcheck | Ttotal | Status | Flags |
---|---|---|---|---|---|---|
r-devel-linux-x86_64-debian-clang | 1.2.2 | 19.74 | 123.25 | 142.99 | NOTE | |
r-devel-linux-x86_64-debian-gcc | 1.2.2 | 17.47 | 89.57 | 107.04 | NOTE | |
r-devel-linux-x86_64-fedora-clang | 1.2.2 | 180.91 | NOTE | |||
r-devel-linux-x86_64-fedora-gcc | 1.2.2 | 172.15 | NOTE | |||
r-devel-windows-x86_64 | 1.2.2 | 79.00 | 152.00 | 231.00 | NOTE | |
r-patched-linux-x86_64 | 1.2.2 | 23.40 | 113.70 | 137.10 | OK | |
r-release-linux-x86_64 | 1.2.2 | 18.34 | 112.16 | 130.50 | OK | |
r-release-macos-arm64 | 1.2.2 | 39.00 | OK | |||
r-release-macos-x86_64 | 1.2.2 | 56.00 | OK | |||
r-release-windows-x86_64 | 1.2.2 | 31.00 | 130.00 | 161.00 | OK | |
r-oldrel-macos-arm64 | 1.2.2 | 53.00 | OK | |||
r-oldrel-macos-x86_64 | 1.2.2 | 56.00 | OK | |||
r-oldrel-windows-ix86+x86_64 | 1.2.2 | 38.00 | 135.00 | 173.00 | OK |
Version: 1.2.2
Check: Rd files
Result: NOTE
checkRd: (-1) ccF.Rd:5: Escaped LaTeX specials: \&
checkRd: (-1) ccF.Rd:32: Escaped LaTeX specials: \&
checkRd: (-1) ccF.Rd:29: Escaped LaTeX specials: \&
Flavors: r-devel-linux-x86_64-debian-clang, r-devel-linux-x86_64-debian-gcc, r-devel-linux-x86_64-fedora-clang, r-devel-linux-x86_64-fedora-gcc, r-devel-windows-x86_64