Last updated on 2023-11-28 07:53:01 CET.
Flavor | Version | Tinstall | Tcheck | Ttotal | Status | Flags |
---|---|---|---|---|---|---|
r-devel-linux-x86_64-debian-clang | 1.2.2 | 21.31 | 121.92 | 143.23 | NOTE | |
r-devel-linux-x86_64-debian-gcc | 1.2.2 | 18.30 | 88.69 | 106.99 | NOTE | |
r-devel-linux-x86_64-fedora-clang | 1.2.2 | 181.84 | NOTE | |||
r-devel-linux-x86_64-fedora-gcc | 1.2.2 | 175.71 | NOTE | |||
r-devel-windows-x86_64 | 1.2.2 | 24.00 | 98.00 | 122.00 | NOTE | |
r-patched-linux-x86_64 | 1.2.2 | 20.51 | 118.85 | 139.36 | NOTE | |
r-release-linux-x86_64 | 1.2.2 | 20.89 | 117.97 | 138.86 | NOTE | |
r-release-macos-arm64 | 1.2.2 | 47.00 | NOTE | |||
r-release-macos-x86_64 | 1.2.2 | 80.00 | NOTE | |||
r-release-windows-x86_64 | 1.2.2 | 22.00 | 124.00 | 146.00 | NOTE | |
r-oldrel-macos-arm64 | 1.2.2 | 41.00 | OK | |||
r-oldrel-macos-x86_64 | 1.2.2 | 56.00 | OK | |||
r-oldrel-windows-x86_64 | 1.2.2 | 31.00 | 130.00 | 161.00 | OK |
Version: 1.2.2
Check: Rd files
Result: NOTE
checkRd: (-1) ccF.Rd:5: Escaped LaTeX specials: \&
checkRd: (-1) ccF.Rd:32: Escaped LaTeX specials: \&
checkRd: (-1) ccF.Rd:29: Escaped LaTeX specials: \&
checkRd: (-1) ccF.Rd:42: Lost braces
42 | CALI\'{N}SKI, T.; CORSTEN, L. C. A. Clustering
| ^
Flavors: r-devel-linux-x86_64-debian-clang, r-devel-linux-x86_64-debian-gcc
Version: 1.2.2
Check: Rd files
Result: NOTE
checkRd: (-1) ccF.Rd:5: Escaped LaTeX specials: \&
checkRd: (-1) ccF.Rd:32: Escaped LaTeX specials: \&
checkRd: (-1) ccF.Rd:29: Escaped LaTeX specials: \&
Flavors: r-devel-linux-x86_64-fedora-clang, r-devel-linux-x86_64-fedora-gcc, r-devel-windows-x86_64, r-patched-linux-x86_64, r-release-linux-x86_64, r-release-macos-arm64, r-release-macos-x86_64, r-release-windows-x86_64