Last updated on 2022-05-28 07:05:52 CEST.
Flavor | Version | Tinstall | Tcheck | Ttotal | Status | Flags |
---|---|---|---|---|---|---|
r-devel-linux-x86_64-debian-clang | 1.0-12.1 | 11.80 | 114.51 | 126.31 | NOTE | |
r-devel-linux-x86_64-debian-gcc | 1.0-12.1 | 9.80 | 86.31 | 96.11 | NOTE | |
r-devel-linux-x86_64-fedora-clang | 1.0-12.1 | 148.27 | NOTE | |||
r-devel-linux-x86_64-fedora-gcc | 1.0-12.1 | 156.83 | NOTE | |||
r-devel-windows-x86_64 | 1.0-12.1 | 20.00 | 126.00 | 146.00 | OK | |
r-patched-linux-x86_64 | 1.0-12.1 | 9.94 | 108.44 | 118.38 | NOTE | |
r-release-linux-x86_64 | 1.0-12.1 | 10.29 | 110.98 | 121.27 | NOTE | |
r-release-macos-arm64 | 1.0-12.1 | 43.00 | OK | |||
r-release-macos-x86_64 | 1.0-12.1 | 69.00 | OK | |||
r-release-windows-x86_64 | 1.0-12.1 | 19.00 | 138.00 | 157.00 | OK | |
r-oldrel-macos-arm64 | 1.0-12.1 | 42.00 | OK | |||
r-oldrel-macos-x86_64 | 1.0-12.1 | 59.00 | OK | |||
r-oldrel-windows-ix86+x86_64 | 1.0-12.1 | 26.00 | 175.00 | 201.00 | OK |
Version: 1.0-12.1
Check: for non-standard things in the check directory
Result: NOTE
Found the following files/directories:
'vert.txt'
Flavors: r-devel-linux-x86_64-debian-clang, r-devel-linux-x86_64-debian-gcc, r-devel-linux-x86_64-fedora-clang, r-devel-linux-x86_64-fedora-gcc, r-patched-linux-x86_64, r-release-linux-x86_64
Version: 1.0-12.1
Check: compiled code
Result: NOTE
File ‘FD/libs/FD.so’:
Found no calls to: ‘R_registerRoutines’, ‘R_useDynamicSymbols’
It is good practice to register native routines and to disable symbol
search.
See ‘Writing portable packages’ in the ‘Writing R Extensions’ manual.
Flavors: r-devel-linux-x86_64-fedora-clang, r-devel-linux-x86_64-fedora-gcc