CRAN Package Check Results for Package FER

Last updated on 2022-01-20 06:49:19 CET.

Flavor Version Tinstall Tcheck Ttotal Status Flags
r-devel-linux-x86_64-debian-clang 0.94 NOTE
r-devel-linux-x86_64-debian-gcc 0.94 2.02 25.73 27.75 NOTE
r-devel-linux-x86_64-fedora-clang 0.94 43.24 NOTE
r-devel-linux-x86_64-fedora-gcc 0.94 32.45 NOTE
r-devel-windows-x86_64-new-UL 0.94 20.00 54.00 74.00 NOTE
r-devel-windows-x86_64-new-TK 0.94 NOTE
r-patched-linux-x86_64 0.94 2.54 31.20 33.74 NOTE
r-release-linux-x86_64 0.94 NOTE
r-release-macos-arm64 0.94 NOTE
r-release-macos-x86_64 0.94 NOTE
r-release-windows-ix86+x86_64 0.94 6.00 40.00 46.00 NOTE
r-oldrel-macos-x86_64 0.94 OK
r-oldrel-windows-ix86+x86_64 0.94 5.00 40.00 45.00 OK

Check Details

Version: 0.94
Check: LazyData
Result: NOTE
     'LazyData' is specified without a 'data' directory
Flavors: r-devel-linux-x86_64-debian-clang, r-devel-linux-x86_64-debian-gcc, r-devel-linux-x86_64-fedora-clang, r-devel-linux-x86_64-fedora-gcc, r-devel-windows-x86_64-new-UL, r-devel-windows-x86_64-new-TK, r-patched-linux-x86_64, r-release-linux-x86_64, r-release-macos-arm64, r-release-macos-x86_64, r-release-windows-ix86+x86_64