CRAN Package Check Results for Package FFD

Last updated on 2022-07-02 07:06:59 CEST.

Flavor Version Tinstall Tcheck Ttotal Status Flags
r-devel-linux-x86_64-debian-clang 1.0-8 11.95 80.08 92.03 OK
r-devel-linux-x86_64-debian-gcc 1.0-8 7.47 60.32 67.79 OK
r-devel-linux-x86_64-fedora-clang 1.0-8 123.95 NOTE
r-devel-linux-x86_64-fedora-gcc 1.0-8 122.03 NOTE
r-devel-windows-x86_64 1.0-8 34.00 128.00 162.00 OK
r-patched-linux-x86_64 1.0-8 13.29 82.01 95.30 OK
r-release-linux-x86_64 1.0-8 11.14 83.05 94.19 OK
r-release-macos-arm64 1.0-8 63.00 OK
r-release-macos-x86_64 1.0-8 83.00 OK
r-release-windows-x86_64 1.0-8 40.00 102.00 142.00 OK
r-oldrel-macos-arm64 1.0-8 90.00 OK
r-oldrel-macos-x86_64 1.0-8 89.00 OK
r-oldrel-windows-ix86+x86_64 1.0-8 22.00 140.00 162.00 OK

Check Details

Version: 1.0-8
Check: compiled code
Result: NOTE
    File ‘FFD/libs/FFD.so’:
     Found no calls to: ‘R_registerRoutines’, ‘R_useDynamicSymbols’
    
    It is good practice to register native routines and to disable symbol
    search.
    
    See ‘Writing portable packages’ in the ‘Writing R Extensions’ manual.
Flavors: r-devel-linux-x86_64-fedora-clang, r-devel-linux-x86_64-fedora-gcc