CRAN Package Check Results for Package FILEST

Last updated on 2024-03-02 06:51:53 CET.

Flavor Version Tinstall Tcheck Ttotal Status Flags
r-devel-linux-x86_64-debian-clang 1.1.2 8.61 78.04 86.65 NOTE
r-devel-linux-x86_64-debian-gcc 1.1.2 6.41 59.29 65.70 NOTE
r-devel-linux-x86_64-fedora-clang 1.1.2 108.94 NOTE
r-devel-linux-x86_64-fedora-gcc 1.1.2 103.06 NOTE
r-devel-windows-x86_64 1.1.2 8.00 82.00 90.00 NOTE
r-patched-linux-x86_64 1.1.2 8.10 76.27 84.37 NOTE
r-release-linux-x86_64 1.1.2 8.01 75.49 83.50 NOTE
r-release-macos-arm64 1.1.2 37.00 NOTE
r-release-macos-x86_64 1.1.2 58.00 NOTE
r-release-windows-x86_64 1.1.2 10.00 94.00 104.00 NOTE
r-oldrel-macos-arm64 1.1.2 28.00 NOTE
r-oldrel-windows-x86_64 1.1.2 10.00 90.00 100.00 NOTE

Check Details

Version: 1.1.2
Check: LazyData
Result: NOTE 'LazyData' is specified without a 'data' directory Flavors: r-devel-linux-x86_64-debian-clang, r-devel-linux-x86_64-debian-gcc, r-devel-linux-x86_64-fedora-clang, r-devel-linux-x86_64-fedora-gcc, r-devel-windows-x86_64, r-patched-linux-x86_64, r-release-linux-x86_64, r-release-macos-arm64, r-release-macos-x86_64, r-release-windows-x86_64, r-oldrel-macos-arm64, r-oldrel-windows-x86_64