Last updated on 2022-07-02 07:06:59 CEST.
Flavor | Version | Tinstall | Tcheck | Ttotal | Status | Flags |
---|---|---|---|---|---|---|
r-devel-linux-x86_64-debian-clang | 0.0.6 | 36.51 | 107.70 | 144.21 | NOTE | |
r-devel-linux-x86_64-debian-gcc | 0.0.6 | 37.22 | 72.38 | 109.60 | NOTE | |
r-devel-linux-x86_64-fedora-clang | 0.0.6 | 202.05 | NOTE | |||
r-devel-linux-x86_64-fedora-gcc | 0.0.6 | 201.24 | NOTE | |||
r-devel-windows-x86_64 | 0.0.6 | 42.00 | 151.00 | 193.00 | NOTE | |
r-patched-linux-x86_64 | 0.0.6 | 41.52 | 105.02 | 146.54 | NOTE | |
r-release-linux-x86_64 | 0.0.6 | 40.05 | 107.96 | 148.01 | NOTE | |
r-release-macos-arm64 | 0.0.6 | 55.00 | NOTE | |||
r-release-macos-x86_64 | 0.0.6 | 68.00 | NOTE | |||
r-release-windows-x86_64 | 0.0.6 | 42.00 | 209.00 | 251.00 | NOTE | |
r-oldrel-macos-arm64 | 0.0.6 | 61.00 | NOTE | |||
r-oldrel-macos-x86_64 | 0.0.6 | 100.00 | NOTE | |||
r-oldrel-windows-ix86+x86_64 | 0.0.6 | 97.00 | 177.00 | 274.00 | NOTE |
Version: 0.0.6
Check: LazyData
Result: NOTE
'LazyData' is specified without a 'data' directory
Flavors: r-devel-linux-x86_64-debian-clang, r-devel-linux-x86_64-debian-gcc, r-devel-linux-x86_64-fedora-clang, r-devel-linux-x86_64-fedora-gcc, r-devel-windows-x86_64, r-patched-linux-x86_64, r-release-linux-x86_64, r-release-macos-arm64, r-release-macos-x86_64, r-release-windows-x86_64, r-oldrel-macos-arm64, r-oldrel-macos-x86_64, r-oldrel-windows-ix86+x86_64
Version: 0.0.6
Check: installed package size
Result: NOTE
installed size is 8.2Mb
sub-directories of 1Mb or more:
libs 7.3Mb
Flavors: r-devel-linux-x86_64-fedora-clang, r-release-macos-arm64, r-release-macos-x86_64, r-oldrel-macos-arm64, r-oldrel-macos-x86_64
Version: 0.0.6
Check: dependencies in R code
Result: NOTE
Namespaces in Imports field not imported from:
‘MASS’ ‘XML’ ‘gglasso’ ‘methods’
All declared Imports should be used.
Flavors: r-devel-linux-x86_64-fedora-clang, r-devel-linux-x86_64-fedora-gcc, r-release-macos-arm64, r-release-macos-x86_64, r-oldrel-macos-arm64, r-oldrel-macos-x86_64