CRAN Package Check Results for Package FKF.SP

Last updated on 2021-12-03 06:49:02 CET.

Flavor Version Tinstall Tcheck Ttotal Status Flags
r-devel-linux-x86_64-debian-clang 0.1.3 2.95 48.14 51.09 OK
r-devel-linux-x86_64-debian-gcc 0.1.3 2.06 37.69 39.75 OK
r-devel-linux-x86_64-fedora-clang 0.1.3 76.07 NOTE
r-devel-linux-x86_64-fedora-gcc 0.1.3 65.71 NOTE
r-devel-windows-x86_64-new-UL 0.1.3 10.00 89.00 99.00 OK
r-devel-windows-x86_64-new-TK 0.1.3 NOTE
r-devel-windows-x86_64-old 0.1.3 6.00 52.00 58.00 OK
r-patched-linux-x86_64 0.1.3 3.06 45.26 48.32 OK
r-patched-solaris-x86 0.1.3 48.30 NOTE
r-release-linux-x86_64 0.1.3 2.94 46.54 49.48 OK
r-release-macos-arm64 0.1.3 NOTE
r-release-macos-x86_64 0.1.3 NOTE
r-release-windows-ix86+x86_64 0.1.3 10.00 70.00 80.00 OK
r-oldrel-macos-x86_64 0.1.3 NOTE
r-oldrel-windows-ix86+x86_64 0.1.3 10.00 73.00 83.00 OK

Check Details

Version: 0.1.3
Check: dependencies in R code
Result: NOTE
    Namespaces in Imports field not imported from:
     ‘Rdpack’ ‘curl’ ‘mathjaxr’
     All declared Imports should be used.
Flavors: r-devel-linux-x86_64-fedora-clang, r-devel-linux-x86_64-fedora-gcc, r-devel-windows-x86_64-new-TK, r-patched-solaris-x86, r-release-macos-arm64, r-release-macos-x86_64, r-oldrel-macos-x86_64