Last updated on 2022-07-03 06:54:20 CEST.
Flavor | Version | Tinstall | Tcheck | Ttotal | Status | Flags |
---|---|---|---|---|---|---|
r-devel-linux-x86_64-debian-clang | 0.2.0 | 3.77 | 49.94 | 53.71 | OK | |
r-devel-linux-x86_64-debian-gcc | 0.2.0 | 2.75 | 40.51 | 43.26 | OK | |
r-devel-linux-x86_64-fedora-clang | 0.2.0 | 79.16 | NOTE | |||
r-devel-linux-x86_64-fedora-gcc | 0.2.0 | 76.35 | NOTE | |||
r-devel-windows-x86_64 | 0.2.0 | 11.00 | 82.00 | 93.00 | OK | |
r-patched-linux-x86_64 | 0.2.0 | 3.35 | 51.02 | 54.37 | OK | |
r-release-linux-x86_64 | 0.2.0 | 3.47 | 50.46 | 53.93 | OK | |
r-release-macos-arm64 | 0.2.0 | 29.00 | NOTE | |||
r-release-macos-x86_64 | 0.2.0 | 33.00 | NOTE | |||
r-release-windows-x86_64 | 0.2.0 | 10.00 | 116.00 | 126.00 | OK | |
r-oldrel-macos-arm64 | 0.2.0 | 25.00 | NOTE | |||
r-oldrel-macos-x86_64 | 0.2.0 | 32.00 | NOTE | |||
r-oldrel-windows-ix86+x86_64 | 0.2.0 | 11.00 | 88.00 | 99.00 | OK |
Version: 0.2.0
Check: dependencies in R code
Result: NOTE
Namespaces in Imports field not imported from:
‘Rdpack’ ‘curl’ ‘mathjaxr’
All declared Imports should be used.
Flavors: r-devel-linux-x86_64-fedora-clang, r-devel-linux-x86_64-fedora-gcc, r-release-macos-arm64, r-release-macos-x86_64, r-oldrel-macos-arm64, r-oldrel-macos-x86_64