CRAN Package Check Results for Package FMStable

Last updated on 2024-02-23 06:50:29 CET.

Flavor Version Tinstall Tcheck Ttotal Status Flags
r-devel-linux-x86_64-debian-clang 0.1-4 NOTE
r-devel-linux-x86_64-debian-gcc 0.1-4 3.36 22.44 25.80 NOTE
r-devel-linux-x86_64-fedora-clang 0.1-4 44.48 NOTE
r-devel-linux-x86_64-fedora-gcc 0.1-4 43.64 NOTE
r-devel-windows-x86_64 0.1-4 8.00 43.00 51.00 OK
r-patched-linux-x86_64 0.1-4 5.19 29.25 34.44 OK
r-release-linux-x86_64 0.1-4 4.15 28.79 32.94 OK
r-release-macos-arm64 0.1-4 17.00 OK
r-release-macos-x86_64 0.1-4 25.00 OK
r-release-windows-x86_64 0.1-4 12.00 45.00 57.00 OK
r-oldrel-macos-arm64 0.1-4 18.00 OK
r-oldrel-windows-x86_64 0.1-4 20.00 53.00 73.00 OK

Check Details

Version: 0.1-4
Check: Rd files
Result: NOTE checkRd: (-1) Estable.Rd:40: Lost braces 40 | \code{dEstable}{ gives the density function;} | ^ checkRd: (-1) Estable.Rd:41: Lost braces 41 | \code{pEstable}{ gives the distribution function or its complement;} | ^ checkRd: (-1) Estable.Rd:42: Lost braces 42 | \code{qEstable}{ gives quantiles;} | ^ checkRd: (-1) Estable.Rd:43-56: Lost braces 43 | \code{tailsEstable}{ returns a list with the following components | ^ checkRd: (-1) FMstable.Rd:50: Lost braces 50 | \code{dFMstable}{ gives the density function;} | ^ checkRd: (-1) FMstable.Rd:51: Lost braces 51 | \code{pFMstable}{ gives the distribution function or its complement;} | ^ checkRd: (-1) FMstable.Rd:52: Lost braces 52 | \code{qFMstable}{ gives quantiles;} | ^ checkRd: (-1) FMstable.Rd:53-66: Lost braces 53 | \code{tailsFMstable}{ returns a list with the following components | ^ Flavors: r-devel-linux-x86_64-debian-clang, r-devel-linux-x86_64-debian-gcc, r-devel-linux-x86_64-fedora-clang, r-devel-linux-x86_64-fedora-gcc