Last updated on 2023-12-09 07:49:32 CET.
Flavor | Version | Tinstall | Tcheck | Ttotal | Status | Flags |
---|---|---|---|---|---|---|
r-devel-linux-x86_64-debian-clang | 0.3.11 | 103.61 | 70.56 | 174.17 | NOTE | |
r-devel-linux-x86_64-debian-gcc | 0.3.11 | 83.77 | 53.13 | 136.90 | NOTE | |
r-devel-linux-x86_64-fedora-clang | 0.3.11 | 267.25 | OK | |||
r-devel-linux-x86_64-fedora-gcc | 0.3.11 | 293.98 | OK | |||
r-devel-windows-x86_64 | 0.3.11 | 86.00 | 98.00 | 184.00 | OK | |
r-patched-linux-x86_64 | 0.3.11 | 88.24 | 67.61 | 155.85 | OK | |
r-release-linux-x86_64 | 0.3.11 | 77.79 | 67.14 | 144.93 | OK | |
r-release-macos-arm64 | 0.3.11 | 77.00 | NOTE | |||
r-release-macos-x86_64 | 0.3.11 | 115.00 | NOTE | |||
r-release-windows-x86_64 | 0.3.11 | 110.00 | 112.00 | 222.00 | OK | |
r-oldrel-macos-arm64 | 0.3.11 | 74.00 | NOTE | |||
r-oldrel-macos-x86_64 | 0.3.11 | 95.00 | NOTE | |||
r-oldrel-windows-x86_64 | 0.3.11 | 106.00 | 112.00 | 218.00 | OK |
Version: 0.3.11
Check: Rd files
Result: NOTE
checkRd: (-1) dot-information_gain.Rd:43: Lost braces in \itemize; meant \describe ?
checkRd: (-1) dot-information_gain.Rd:44: Lost braces in \itemize; meant \describe ?
checkRd: (-1) information_gain.Rd:44: Lost braces in \itemize; \value handles \item{}{} directly
checkRd: (-1) information_gain.Rd:45: Lost braces in \itemize; \value handles \item{}{} directly
Flavors: r-devel-linux-x86_64-debian-clang, r-devel-linux-x86_64-debian-gcc
Version: 0.3.11
Check: package dependencies
Result: NOTE
Package suggested but not available for checking: ‘RTCGA.rnaseq’
Flavors: r-release-macos-arm64, r-release-macos-x86_64, r-oldrel-macos-arm64, r-oldrel-macos-x86_64
Version: 0.3.11
Check: installed package size
Result: NOTE
installed size is 10.6Mb
sub-directories of 1Mb or more:
libs 10.2Mb
Flavors: r-release-macos-arm64, r-release-macos-x86_64, r-oldrel-macos-arm64, r-oldrel-macos-x86_64