Last updated on 2023-03-30 06:53:14 CEST.
Flavor | Version | Tinstall | Tcheck | Ttotal | Status | Flags |
---|---|---|---|---|---|---|
r-devel-linux-x86_64-debian-clang | 1.5 | 4.06 | 47.80 | 51.86 | NOTE | |
r-devel-linux-x86_64-debian-gcc | 1.5 | 2.95 | 37.30 | 40.25 | NOTE | |
r-devel-linux-x86_64-fedora-clang | 1.5 | 67.13 | NOTE | |||
r-devel-linux-x86_64-fedora-gcc | 1.5 | 62.53 | NOTE | |||
r-devel-windows-x86_64 | 1.5 | 12.00 | 0.00 | 12.00 | OK | |
r-patched-linux-x86_64 | 1.5 | 3.00 | 45.52 | 48.52 | NOTE | |
r-release-linux-x86_64 | 1.5 | 3.09 | 47.97 | 51.06 | NOTE | |
r-release-macos-arm64 | 1.5 | 20.00 | NOTE | |||
r-release-macos-x86_64 | 1.5 | 31.00 | NOTE | |||
r-release-windows-x86_64 | 1.5 | 15.00 | 72.00 | 87.00 | OK | |
r-oldrel-macos-arm64 | 1.5 | 23.00 | NOTE | |||
r-oldrel-macos-x86_64 | 1.5 | 30.00 | NOTE | |||
r-oldrel-windows-ix86+x86_64 | 1.5 | 8.00 | 69.00 | 77.00 | OK |
Version: 1.5
Check: package dependencies
Result: NOTE
Package suggested but not available for checking: ‘hier.part’
Flavors: r-devel-linux-x86_64-debian-clang, r-devel-linux-x86_64-debian-gcc, r-devel-linux-x86_64-fedora-clang, r-devel-linux-x86_64-fedora-gcc, r-patched-linux-x86_64, r-release-linux-x86_64
Version: 1.5
Check: Rd cross-references
Result: NOTE
Unknown package ‘hier.part’ in Rd xrefs
Flavors: r-devel-linux-x86_64-debian-clang, r-devel-linux-x86_64-debian-gcc, r-devel-linux-x86_64-fedora-gcc, r-patched-linux-x86_64, r-release-linux-x86_64
Version: 1.5
Check: Rd cross-references
Result: NOTE
Undeclared package ‘SciViews’ in Rd xrefs
Unknown package ‘hier.part’ in Rd xrefs
Flavor: r-devel-linux-x86_64-fedora-clang
Version: 1.5
Check: data for non-ASCII characters
Result: NOTE
Note: found 5 marked Latin-1 strings
Flavors: r-devel-linux-x86_64-fedora-clang, r-devel-linux-x86_64-fedora-gcc, r-release-macos-arm64, r-release-macos-x86_64, r-oldrel-macos-arm64, r-oldrel-macos-x86_64