Last updated on 2023-01-28 07:14:53 CET.
Flavor | Version | Tinstall | Tcheck | Ttotal | Status | Flags |
---|---|---|---|---|---|---|
r-devel-linux-x86_64-debian-clang | 1.2 | 49.11 | 30.43 | 79.54 | OK | |
r-devel-linux-x86_64-debian-gcc | 1.2 | 40.86 | 24.93 | 65.79 | OK | |
r-devel-linux-x86_64-fedora-clang | 1.2 | 122.98 | NOTE | |||
r-devel-linux-x86_64-fedora-gcc | 1.2 | 103.32 | NOTE | |||
r-devel-windows-x86_64 | 1.2 | 42.00 | 75.00 | 117.00 | OK | |
r-patched-linux-x86_64 | 1.2 | 41.12 | 31.40 | 72.52 | OK | |
r-release-linux-x86_64 | 1.2 | 38.48 | 31.63 | 70.11 | OK | |
r-release-macos-arm64 | 1.2 | 32.00 | NOTE | |||
r-release-macos-x86_64 | 1.2 | 42.00 | NOTE | |||
r-release-windows-x86_64 | 1.2 | 40.00 | 87.00 | 127.00 | OK | |
r-oldrel-macos-arm64 | 1.2 | 42.00 | NOTE | |||
r-oldrel-macos-x86_64 | 1.2 | 55.00 | NOTE | |||
r-oldrel-windows-ix86+x86_64 | 1.2 | 113.00 | 83.00 | 196.00 | OK |
Version: 1.2
Check: compiled code
Result: NOTE
File ‘FastGP/libs/FastGP.so’:
Found no calls to: ‘R_registerRoutines’, ‘R_useDynamicSymbols’
It is good practice to register native routines and to disable symbol
search.
See ‘Writing portable packages’ in the ‘Writing R Extensions’ manual.
Flavors: r-devel-linux-x86_64-fedora-clang, r-devel-linux-x86_64-fedora-gcc
Version: 1.2
Check: installed package size
Result: NOTE
installed size is 7.2Mb
sub-directories of 1Mb or more:
libs 6.8Mb
Flavors: r-release-macos-arm64, r-release-macos-x86_64, r-oldrel-macos-arm64, r-oldrel-macos-x86_64