CRAN Package Check Results for Package FastPCS

Last updated on 2023-01-28 07:14:54 CET.

Flavor Version Tinstall Tcheck Ttotal Status Flags
r-devel-linux-x86_64-debian-clang 0.1.3 22.92 21.64 44.56 NOTE
r-devel-linux-x86_64-debian-gcc 0.1.3 19.00 18.36 37.36 NOTE
r-devel-linux-x86_64-fedora-clang 0.1.3 60.47 NOTE
r-devel-linux-x86_64-fedora-gcc 0.1.3 57.81 NOTE
r-devel-windows-x86_64 0.1.3 22.00 68.00 90.00 NOTE
r-patched-linux-x86_64 0.1.3 22.52 22.91 45.43 OK
r-release-linux-x86_64 0.1.3 18.87 23.34 42.21 OK
r-release-macos-arm64 0.1.3 27.00 NOTE
r-release-macos-x86_64 0.1.3 33.00 NOTE
r-release-windows-x86_64 0.1.3 20.00 71.00 91.00 OK
r-oldrel-macos-arm64 0.1.3 31.00 NOTE
r-oldrel-macos-x86_64 0.1.3 41.00 NOTE
r-oldrel-windows-ix86+x86_64 0.1.3 49.00 69.00 118.00 OK

Check Details

Version: 0.1.3
Check: Rd files
Result: NOTE
    checkRd: (-1) FastPCS-package.Rd:29: Escaped LaTeX specials: \&
    checkRd: (-1) FastPCS.Rd:104: Escaped LaTeX specials: \&
Flavors: r-devel-linux-x86_64-debian-clang, r-devel-linux-x86_64-debian-gcc, r-devel-linux-x86_64-fedora-clang, r-devel-linux-x86_64-fedora-gcc, r-devel-windows-x86_64

Version: 0.1.3
Check: C++ specification
Result: NOTE
     Specified C++11: please update to current default of C++17
Flavors: r-devel-linux-x86_64-debian-gcc, r-devel-linux-x86_64-fedora-gcc

Version: 0.1.3
Check: installed package size
Result: NOTE
     installed size is 9.3Mb
     sub-directories of 1Mb or more:
     libs 9.3Mb
Flavors: r-release-macos-arm64, r-release-macos-x86_64, r-oldrel-macos-arm64, r-oldrel-macos-x86_64