CRAN Package Check Results for Package FastSF

Last updated on 2021-06-21 06:49:07 CEST.

Flavor Version Tinstall Tcheck Ttotal Status Flags
r-devel-linux-x86_64-debian-clang 0.1.1 91.84 33.07 124.91 NOTE
r-devel-linux-x86_64-debian-gcc 0.1.1 54.06 26.17 80.23 NOTE
r-devel-linux-x86_64-fedora-clang 0.1.1 176.49 NOTE
r-devel-linux-x86_64-fedora-gcc 0.1.1 149.01 NOTE
r-devel-windows-x86_64 0.1.1 101.00 60.00 161.00 NOTE
r-devel-windows-x86_64-gcc10-UCRT 0.1.1 NOTE
r-patched-linux-x86_64 0.1.1 70.51 32.42 102.93 NOTE
r-patched-solaris-x86 0.1.1 158.40 NOTE
r-release-linux-x86_64 0.1.1 63.62 32.30 95.92 NOTE
r-release-macos-arm64 0.1.1 NOTE
r-release-macos-x86_64 0.1.1 NOTE
r-release-windows-ix86+x86_64 0.1.1 198.00 61.00 259.00 NOTE
r-oldrel-macos-x86_64 0.1.1 OK

Check Details

Version: 0.1.1
Check: LazyData
Result: NOTE
     'LazyData' is specified without a 'data' directory
Flavors: r-devel-linux-x86_64-debian-clang, r-devel-linux-x86_64-debian-gcc, r-devel-linux-x86_64-fedora-clang, r-devel-linux-x86_64-fedora-gcc, r-devel-windows-x86_64, r-devel-windows-x86_64-gcc10-UCRT, r-patched-linux-x86_64, r-patched-solaris-x86, r-release-linux-x86_64, r-release-macos-arm64, r-release-macos-x86_64, r-release-windows-ix86+x86_64