CRAN Package Check Results for Package FertBoot

Last updated on 2024-07-16 07:01:38 CEST.

Flavor Version Tinstall Tcheck Ttotal Status Flags
r-devel-linux-x86_64-debian-clang 0.5.0 2.94 26.49 29.43 NOTE
r-devel-linux-x86_64-debian-gcc 0.5.0 2.04 20.70 22.74 NOTE
r-devel-linux-x86_64-fedora-clang 0.5.0 37.50 NOTE
r-devel-linux-x86_64-fedora-gcc 0.5.0 29.53 NOTE
r-devel-windows-x86_64 0.5.0 3.00 42.00 45.00 NOTE
r-patched-linux-x86_64 0.5.0 3.01 24.92 27.93 NOTE
r-release-linux-x86_64 0.5.0 1.70 26.04 27.74 NOTE
r-release-macos-arm64 0.5.0 16.00 NOTE
r-release-macos-x86_64 0.5.0 24.00 NOTE
r-release-windows-x86_64 0.5.0 4.00 44.00 48.00 NOTE
r-oldrel-macos-arm64 0.5.0 18.00 NOTE
r-oldrel-macos-x86_64 0.5.0 21.00 NOTE
r-oldrel-windows-x86_64 0.5.0 4.00 47.00 51.00 NOTE

Check Details

Version: 0.5.0
Check: LazyData
Result: NOTE 'LazyData' is specified without a 'data' directory Flavors: r-devel-linux-x86_64-debian-clang, r-devel-linux-x86_64-debian-gcc, r-devel-linux-x86_64-fedora-clang, r-devel-linux-x86_64-fedora-gcc, r-devel-windows-x86_64, r-patched-linux-x86_64, r-release-linux-x86_64, r-release-macos-arm64, r-release-macos-x86_64, r-release-windows-x86_64, r-oldrel-macos-arm64, r-oldrel-macos-x86_64, r-oldrel-windows-x86_64