CRAN Package Check Results for Package Fgmutils

Last updated on 2020-08-13 06:47:26 CEST.

Flavor Version Tinstall Tcheck Ttotal Status Flags
r-devel-linux-x86_64-debian-clang 0.9.5 10.22 77.07 87.29 OK
r-devel-linux-x86_64-debian-gcc 0.9.5 7.81 59.12 66.93 OK
r-devel-linux-x86_64-fedora-clang 0.9.5 112.94 OK
r-devel-linux-x86_64-fedora-gcc 0.9.5 104.14 OK
r-devel-windows-ix86+x86_64 0.9.5 22.00 116.00 138.00 OK
r-patched-linux-x86_64 0.9.5 11.18 75.54 86.72 OK
r-patched-solaris-x86 0.9.5 163.30 OK
r-release-linux-x86_64 0.9.5 10.77 75.43 86.20 OK
r-release-macos-x86_64 0.9.5 OK
r-release-windows-ix86+x86_64 0.9.5 32.00 116.00 148.00 OK
r-oldrel-macos-x86_64 0.9.5 FAIL
r-oldrel-windows-ix86+x86_64 0.9.5 19.00 87.00 106.00 OK

Check Details

Version: 0.9.5
Check: whether package can be installed
Result: FAIL
Flavor: r-oldrel-macos-x86_64