Last updated on 2022-07-04 06:51:23 CEST.
Flavor | Version | Tinstall | Tcheck | Ttotal | Status | Flags |
---|---|---|---|---|---|---|
r-devel-linux-x86_64-debian-clang | 3.1.0 | 10.76 | 105.98 | 116.74 | NOTE | |
r-devel-linux-x86_64-debian-gcc | 3.1.0 | 8.18 | 76.32 | 84.50 | NOTE | |
r-devel-linux-x86_64-fedora-clang | 3.1.0 | 146.75 | NOTE | |||
r-devel-linux-x86_64-fedora-gcc | 3.1.0 | 145.54 | NOTE | |||
r-devel-windows-x86_64 | 3.1.0 | 17.00 | 120.00 | 137.00 | NOTE | |
r-patched-linux-x86_64 | 3.1.0 | 11.21 | 100.18 | 111.39 | NOTE | |
r-release-linux-x86_64 | 3.1.0 | 8.64 | 97.11 | 105.75 | NOTE | |
r-release-macos-arm64 | 3.1.0 | 36.00 | NOTE | |||
r-release-macos-x86_64 | 3.1.0 | 72.00 | NOTE | |||
r-release-windows-x86_64 | 3.1.0 | 18.00 | 120.00 | 138.00 | NOTE | |
r-oldrel-macos-arm64 | 3.1.0 | 44.00 | NOTE | |||
r-oldrel-macos-x86_64 | 3.1.0 | 76.00 | NOTE | |||
r-oldrel-windows-ix86+x86_64 | 3.1.0 | 25.00 | 117.00 | 142.00 | NOTE |
Version: 3.1.0
Check: LazyData
Result: NOTE
'LazyData' is specified without a 'data' directory
Flavors: r-devel-linux-x86_64-debian-clang, r-devel-linux-x86_64-debian-gcc, r-devel-linux-x86_64-fedora-clang, r-devel-linux-x86_64-fedora-gcc, r-devel-windows-x86_64, r-patched-linux-x86_64, r-release-linux-x86_64, r-release-macos-arm64, r-release-macos-x86_64, r-release-windows-x86_64, r-oldrel-macos-arm64, r-oldrel-macos-x86_64, r-oldrel-windows-ix86+x86_64