Last updated on 2025-01-23 07:50:14 CET.
Flavor | Version | Tinstall | Tcheck | Ttotal | Status | Flags |
---|---|---|---|---|---|---|
r-devel-linux-x86_64-debian-clang | 1.3.0 | 3024.80 | 258.57 | 3283.37 | NOTE | |
r-devel-linux-x86_64-debian-gcc | 1.3.0 | 2284.14 | 407.40 | 2691.54 | NOTE | |
r-devel-windows-x86_64 | 1.3.0 | 2342.00 | 489.00 | 2831.00 | NOTE | |
r-patched-linux-x86_64 | 1.3.0 | 3600.76 | 532.80 | 4133.56 | NOTE | |
r-release-linux-x86_64 | 1.3.0 | 3421.47 | 536.72 | 3958.19 | NOTE | |
r-release-macos-arm64 | 1.3.0 | 1293.00 | NOTE | |||
r-release-macos-x86_64 | 1.3.0 | 868.00 | NOTE | |||
r-release-windows-x86_64 | 1.3.0 | 2640.00 | 485.00 | 3125.00 | NOTE | |
r-oldrel-macos-arm64 | 1.3.0 | 910.00 | NOTE | |||
r-oldrel-macos-x86_64 | 1.3.0 | 984.00 | NOTE | |||
r-oldrel-windows-x86_64 | 1.3.0 | 2909.00 | 620.00 | 3529.00 | NOTE |
Version: 1.3.0
Check: Rd cross-references
Result: NOTE
Found the following Rd file(s) with Rd \link{} targets missing package
anchors:
FlexReg-package.Rd: rstan
WAIC.Rd: loo, loo_compare, waic
convergence.diag.Rd: check_hmc_diagnostics
convergence.plot.Rd: ggplot2
curve.density.Rd: stat_function
flexreg.Rd: sampling
flexreg_binom.Rd: sampling
Please provide package anchors for all Rd \link{} targets not in the
package itself and the base packages.
Flavors: r-devel-linux-x86_64-debian-clang, r-devel-linux-x86_64-debian-gcc, r-devel-windows-x86_64
Version: 1.3.0
Check: for GNU extensions in Makefiles
Result: NOTE
GNU make is a SystemRequirements.
Flavors: r-patched-linux-x86_64, r-release-linux-x86_64, r-release-macos-arm64, r-release-macos-x86_64, r-release-windows-x86_64, r-oldrel-macos-arm64, r-oldrel-macos-x86_64, r-oldrel-windows-x86_64
Version: 1.3.0
Check: installed package size
Result: NOTE
installed size is 314.6Mb
sub-directories of 1Mb or more:
libs 313.4Mb
Flavors: r-release-macos-arm64, r-release-macos-x86_64, r-release-windows-x86_64, r-oldrel-macos-arm64, r-oldrel-macos-x86_64, r-oldrel-windows-x86_64