CRAN Package Check Results for Package FlexScan

Last updated on 2022-01-26 06:50:14 CET.

Flavor Version Tinstall Tcheck Ttotal Status Flags
r-devel-linux-x86_64-debian-clang 0.2.2 33.48 310.15 343.63 OK
r-devel-linux-x86_64-debian-gcc 0.2.2 29.01 231.22 260.23 OK
r-devel-linux-x86_64-fedora-clang 0.2.2 379.11 OK
r-devel-linux-x86_64-fedora-gcc 0.2.2 403.94 OK
r-devel-windows-x86_64-new-UL 0.2.2 42.00 288.00 330.00 OK
r-devel-windows-x86_64-new-TK 0.2.2 OK
r-patched-linux-x86_64 0.2.2 29.84 269.70 299.54 OK
r-release-linux-x86_64 0.2.2 23.97 267.28 291.25 OK
r-release-macos-arm64 0.2.2 OK
r-release-macos-x86_64 0.2.2 WARN --as-cran
r-release-windows-ix86+x86_64 0.2.2 73.00 292.00 365.00 OK
r-oldrel-macos-x86_64 0.2.2 OK
r-oldrel-windows-ix86+x86_64 0.2.2 75.00 302.00 377.00 OK

Check Details

Version: 0.2.2
Flags: --as-cran
Check: CRAN incoming feasibility
Result: WARN
    Maintainer: ‘Zhicheng Du <dgdzc@hotmail.com>’
    
    Insufficient package version (submitted: 0.2.2, existing: 0.2.2)
    
    Days since last update: 1
Flavor: r-release-macos-x86_64