Last updated on 2021-01-16 06:51:07 CET.
Flavor | Version | Tinstall | Tcheck | Ttotal | Status | Flags |
---|---|---|---|---|---|---|
r-devel-linux-x86_64-debian-clang | 0.1.0.0 | 2.82 | 30.22 | 33.04 | NOTE | |
r-devel-linux-x86_64-debian-gcc | 0.1.0.0 | 2.26 | 24.25 | 26.51 | NOTE | |
r-devel-linux-x86_64-fedora-clang | 0.1.0.0 | 49.22 | NOTE | |||
r-devel-linux-x86_64-fedora-gcc | 0.1.0.0 | 41.73 | NOTE | |||
r-devel-windows-ix86+x86_64 | 0.1.0.0 | 5.00 | 38.00 | 43.00 | NOTE | |
r-patched-linux-x86_64 | 0.1.0.0 | 2.93 | 29.00 | 31.93 | NOTE | |
r-patched-solaris-x86 | 0.1.0.0 | 64.50 | NOTE | |||
r-release-linux-x86_64 | 0.1.0.0 | 2.90 | 29.35 | 32.25 | NOTE | |
r-release-macos-x86_64 | 0.1.0.0 | NOTE | ||||
r-release-windows-ix86+x86_64 | 0.1.0.0 | 6.00 | 41.00 | 47.00 | NOTE | |
r-oldrel-macos-x86_64 | 0.1.0.0 | NOTE | ||||
r-oldrel-windows-ix86+x86_64 | 0.1.0.0 | 5.00 | 45.00 | 50.00 | OK |
Version: 0.1.0.0
Check: package vignettes
Result: NOTE
Package vignette with placeholder title 'Vignette Title':
'introduction.Rmd'
Flavors: r-devel-linux-x86_64-debian-clang, r-devel-linux-x86_64-debian-gcc, r-devel-windows-ix86+x86_64, r-patched-linux-x86_64, r-release-linux-x86_64, r-release-windows-ix86+x86_64
Version: 0.1.0.0
Check: dependencies in R code
Result: NOTE
Namespace in Imports field not imported from: ‘magrittr’
All declared Imports should be used.
Flavors: r-devel-linux-x86_64-fedora-clang, r-devel-linux-x86_64-fedora-gcc, r-patched-solaris-x86, r-release-macos-x86_64, r-oldrel-macos-x86_64