CRAN Package Check Results for Package ForwardSearch

Last updated on 2021-01-19 06:51:01 CET.

Flavor Version Tinstall Tcheck Ttotal Status Flags
r-devel-linux-x86_64-debian-clang 1.0 2.38 26.44 28.82 NOTE
r-devel-linux-x86_64-debian-gcc 1.0 1.96 21.49 23.45 NOTE
r-devel-linux-x86_64-fedora-clang 1.0 45.77 NOTE
r-devel-linux-x86_64-fedora-gcc 1.0 36.06 NOTE
r-devel-windows-ix86+x86_64 1.0 4.00 34.00 38.00 NOTE
r-patched-linux-x86_64 1.0 2.26 25.75 28.01 NOTE
r-patched-solaris-x86 1.0 54.50 NOTE
r-release-linux-x86_64 1.0 2.23 26.14 28.37 NOTE
r-release-macos-x86_64 1.0 NOTE
r-release-windows-ix86+x86_64 1.0 5.00 34.00 39.00 NOTE
r-oldrel-macos-x86_64 1.0 NOTE
r-oldrel-windows-ix86+x86_64 1.0 4.00 31.00 35.00 NOTE

Check Details

Version: 1.0
Check: R code for possible problems
Result: NOTE
    ForwardSearch.fit: no visible global function definition for 'glm.fit'
    ForwardSearch.plot: no visible global function definition for 'lines'
    ForwardSearch.pointwise.asymptotics: no visible global function
     definition for 'qnorm'
    ForwardSearch.pointwise.asymptotics: no visible global function
     definition for 'dnorm'
    Undefined global functions or variables:
     dnorm glm.fit lines qnorm
    Consider adding
     importFrom("graphics", "lines")
     importFrom("stats", "dnorm", "glm.fit", "qnorm")
    to your NAMESPACE file.
Flavors: r-devel-linux-x86_64-debian-clang, r-devel-linux-x86_64-debian-gcc, r-devel-linux-x86_64-fedora-clang, r-devel-linux-x86_64-fedora-gcc, r-devel-windows-ix86+x86_64, r-patched-linux-x86_64, r-patched-solaris-x86, r-release-linux-x86_64, r-release-macos-x86_64, r-release-windows-ix86+x86_64, r-oldrel-macos-x86_64, r-oldrel-windows-ix86+x86_64