CRAN Package Check Results for Package GA

Last updated on 2021-03-01 06:47:05 CET.

Flavor Version Tinstall Tcheck Ttotal Status Flags
r-devel-linux-x86_64-debian-clang 3.2 OK
r-devel-linux-x86_64-debian-gcc 3.2 35.99 59.44 95.43 OK
r-devel-linux-x86_64-fedora-clang 3.2 180.35 NOTE
r-devel-linux-x86_64-fedora-gcc 3.2 164.95 OK
r-devel-windows-ix86+x86_64 3.2 84.00 103.00 187.00 OK
r-patched-linux-x86_64 3.2 42.18 76.06 118.24 OK
r-patched-solaris-x86 3.2 181.60 OK
r-release-linux-x86_64 3.2 42.71 76.16 118.87 OK
r-release-macos-x86_64 3.2 NOTE
r-release-windows-ix86+x86_64 3.2 116.00 144.00 260.00 OK
r-oldrel-macos-x86_64 3.2 NOTE
r-oldrel-windows-ix86+x86_64 3.2 78.00 95.00 173.00 OK

Check Details

Version: 3.2
Check: installed package size
Result: NOTE
     installed size is 6.4Mb
     sub-directories of 1Mb or more:
     doc 1.7Mb
     libs 4.2Mb
Flavors: r-devel-linux-x86_64-fedora-clang, r-release-macos-x86_64, r-oldrel-macos-x86_64