Last updated on 2021-01-20 06:46:46 CET.
Flavor | Version | Tinstall | Tcheck | Ttotal | Status | Flags |
---|---|---|---|---|---|---|
r-devel-linux-x86_64-debian-clang | 3.8-1 | 13.90 | 160.85 | 174.75 | OK | |
r-devel-linux-x86_64-debian-gcc | 3.8-1 | 10.62 | 121.62 | 132.24 | OK | |
r-devel-linux-x86_64-fedora-clang | 3.8-1 | 217.28 | NOTE | |||
r-devel-linux-x86_64-fedora-gcc | 3.8-1 | 212.95 | NOTE | |||
r-devel-windows-ix86+x86_64 | 3.8-1 | 25.00 | 298.00 | 323.00 | OK | |
r-patched-linux-x86_64 | 3.8-1 | 12.19 | 149.83 | 162.02 | OK | |
r-patched-solaris-x86 | 3.8-1 | 259.40 | NOTE | |||
r-release-linux-x86_64 | 3.8-1 | 11.78 | 149.97 | 161.75 | OK | |
r-release-macos-x86_64 | 3.8-1 | NOTE | ||||
r-release-windows-ix86+x86_64 | 3.8-1 | 29.00 | 350.00 | 379.00 | OK | |
r-oldrel-macos-x86_64 | 3.8-1 | NOTE | ||||
r-oldrel-windows-ix86+x86_64 | 3.8-1 | 21.00 | 285.00 | 306.00 | OK |
Version: 3.8-1
Check: data for non-ASCII characters
Result: NOTE
Note: found 19 marked UTF-8 strings
Flavors: r-devel-linux-x86_64-fedora-clang, r-devel-linux-x86_64-fedora-gcc, r-patched-solaris-x86, r-release-macos-x86_64, r-oldrel-macos-x86_64