Last updated on 2022-07-04 06:51:24 CEST.
Flavor | Version | Tinstall | Tcheck | Ttotal | Status | Flags |
---|---|---|---|---|---|---|
r-devel-linux-x86_64-debian-clang | 3.1.0 | 4.25 | 59.27 | 63.52 | OK | |
r-devel-linux-x86_64-debian-gcc | 3.1.0 | 3.46 | 42.91 | 46.37 | OK | |
r-devel-linux-x86_64-fedora-clang | 3.1.0 | 84.85 | WARN | |||
r-devel-linux-x86_64-fedora-gcc | 3.1.0 | 85.95 | WARN | |||
r-devel-windows-x86_64 | 3.1.0 | 20.00 | 83.00 | 103.00 | OK | |
r-patched-linux-x86_64 | 3.1.0 | 4.34 | 55.83 | 60.17 | OK | |
r-release-linux-x86_64 | 3.1.0 | 3.45 | 55.85 | 59.30 | OK | |
r-release-macos-arm64 | 3.1.0 | 26.00 | NOTE | |||
r-release-macos-x86_64 | 3.1.0 | 43.00 | NOTE | |||
r-release-windows-x86_64 | 3.1.0 | 14.00 | 82.00 | 96.00 | OK | |
r-oldrel-macos-arm64 | 3.1.0 | 28.00 | NOTE | |||
r-oldrel-macos-x86_64 | 3.1.0 | 36.00 | NOTE | |||
r-oldrel-windows-ix86+x86_64 | 3.1.0 | 11.00 | 79.00 | 90.00 | OK |
Version: 3.1.0
Check: package dependencies
Result: WARN
Requires (indirectly) orphaned package: ‘gtools’
Flavors: r-devel-linux-x86_64-fedora-clang, r-devel-linux-x86_64-fedora-gcc
Version: 3.1.0
Check: dependencies in R code
Result: NOTE
Namespaces in Imports field not imported from:
‘Rcpp’ ‘arm’ ‘usethis’
All declared Imports should be used.
Flavors: r-devel-linux-x86_64-fedora-clang, r-devel-linux-x86_64-fedora-gcc, r-release-macos-arm64, r-release-macos-x86_64, r-oldrel-macos-arm64, r-oldrel-macos-x86_64