Last updated on 2023-02-02 06:54:53 CET.
Flavor | Version | Tinstall | Tcheck | Ttotal | Status | Flags |
---|---|---|---|---|---|---|
r-devel-linux-x86_64-debian-clang | 1.2.2 | 19.14 | 54.32 | 73.46 | OK | |
r-devel-linux-x86_64-debian-gcc | 1.2.2 | 16.18 | 40.59 | 56.77 | OK | |
r-devel-linux-x86_64-fedora-clang | 1.2.2 | 106.24 | NOTE | |||
r-devel-linux-x86_64-fedora-gcc | 1.2.2 | 91.32 | NOTE | |||
r-patched-linux-x86_64 | 1.2.2 | 15.81 | 51.27 | 67.08 | OK | |
r-release-linux-x86_64 | 1.2.2 | 17.22 | 50.58 | 67.80 | OK | |
r-release-macos-arm64 | 1.2.2 | 30.00 | OK | |||
r-release-macos-x86_64 | 1.2.2 | 44.00 | OK | |||
r-release-windows-x86_64 | 1.2.2 | 67.00 | 116.00 | 183.00 | OK | |
r-oldrel-macos-arm64 | 1.2.2 | 35.00 | OK | |||
r-oldrel-macos-x86_64 | 1.2.2 | 58.00 | OK | |||
r-oldrel-windows-ix86+x86_64 | 1.2.2 | 43.00 | 111.00 | 154.00 | OK |
Version: 1.2.2
Check: compiled code
Result: NOTE
File ‘GCPM/libs/GCPM.so’:
Found no calls to: ‘R_registerRoutines’, ‘R_useDynamicSymbols’
It is good practice to register native routines and to disable symbol
search.
See ‘Writing portable packages’ in the ‘Writing R Extensions’ manual.
Flavors: r-devel-linux-x86_64-fedora-clang, r-devel-linux-x86_64-fedora-gcc