Last updated on 2023-01-31 06:51:22 CET.
Flavor | Version | Tinstall | Tcheck | Ttotal | Status | Flags |
---|---|---|---|---|---|---|
r-devel-linux-x86_64-debian-clang | 0.1.1 | 109.19 | 30.39 | 139.58 | OK | |
r-devel-linux-x86_64-debian-gcc | 0.1.1 | 84.14 | 23.14 | 107.28 | NOTE | |
r-devel-linux-x86_64-fedora-clang | 0.1.1 | 210.62 | NOTE | |||
r-devel-linux-x86_64-fedora-gcc | 0.1.1 | 174.41 | NOTE | |||
r-devel-windows-x86_64 | 0.1.1 | 95.00 | 81.00 | 176.00 | NOTE | |
r-patched-linux-x86_64 | 0.1.1 | 93.98 | 29.62 | 123.60 | OK | |
r-release-linux-x86_64 | 0.1.1 | 80.38 | 29.26 | 109.64 | OK | |
r-release-macos-arm64 | 0.1.1 | 48.00 | OK | |||
r-release-macos-x86_64 | 0.1.1 | 57.00 | OK | |||
r-release-windows-x86_64 | 0.1.1 | 85.00 | 84.00 | 169.00 | OK | |
r-oldrel-macos-arm64 | 0.1.1 | 51.00 | OK | |||
r-oldrel-macos-x86_64 | 0.1.1 | 94.00 | OK | |||
r-oldrel-windows-ix86+x86_64 | 0.1.1 | 247.00 | 81.00 | 328.00 | OK |
Version: 0.1.1
Check: C++ specification
Result: NOTE
Specified C++11: please update to current default of C++17
Flavors: r-devel-linux-x86_64-debian-gcc, r-devel-linux-x86_64-fedora-clang, r-devel-linux-x86_64-fedora-gcc, r-devel-windows-x86_64